CRAN Package Check Results for Package netdiffuseR

Last updated on 2020-07-06 01:54:10 CEST.

Flavor Version Tinstall Tcheck Ttotal Status Flags
r-devel-linux-x86_64-debian-clang 1.22.0 164.01 348.36 512.37 OK
r-devel-linux-x86_64-debian-gcc 1.22.0 121.24 256.18 377.42 OK
r-devel-linux-x86_64-fedora-clang 1.22.0 627.94 NOTE
r-devel-linux-x86_64-fedora-gcc 1.22.0 607.76 OK
r-devel-windows-ix86+x86_64 1.22.0 383.00 324.00 707.00 NOTE --no-vignettes
r-patched-linux-x86_64 1.22.0 129.43 338.16 467.59 OK
r-patched-solaris-x86 1.22.0 624.60 ERROR
r-release-linux-x86_64 1.22.0 124.59 335.22 459.81 OK
r-release-osx-x86_64 1.22.0 NOTE
r-release-windows-ix86+x86_64 1.22.0 298.00 315.00 613.00 NOTE --no-vignettes
r-oldrel-osx-x86_64 1.22.0 NOTE
r-oldrel-windows-ix86+x86_64 1.22.0 275.00 400.00 675.00 NOTE --no-vignettes

Check Details

Version: 1.22.0
Check: installed package size
Result: NOTE
     installed size is 12.3Mb
     sub-directories of 1Mb or more:
     doc 2.2Mb
     libs 8.4Mb
Flavors: r-devel-linux-x86_64-fedora-clang, r-release-osx-x86_64, r-oldrel-osx-x86_64

Version: 1.22.0
Flags: --no-vignettes
Check: installed package size
Result: NOTE
     installed size is 6.8Mb
     sub-directories of 1Mb or more:
     doc 2.2Mb
     libs 2.9Mb
Flavors: r-devel-windows-ix86+x86_64, r-release-windows-ix86+x86_64, r-oldrel-windows-ix86+x86_64

Version: 1.22.0
Check: examples
Result: ERROR
    Running examples in ‘netdiffuseR-Ex.R’ failed
    The error most likely occurred in:
    
    > ### Name: exposure
    > ### Title: Ego exposure
    > ### Aliases: exposure
    > ### Keywords: univar
    >
    > ### ** Examples
    >
    > # Calculating lagged exposure -----------------------------------------------
    >
    > set.seed(8)
    > graph <- rdiffnet(20, 4)
    >
    > expo0 <- exposure(graph)
    > expo1 <- exposure(graph, lags = 1)
    >
    > # These should be equivalent
    > stopifnot(all(expo0[, -4] == expo1[, -1])) # No stop!
    >
    >
    > # Calculating the exposure based on Structural Equivalence ------------------
    > set.seed(113132)
    > graph <- rdiffnet(100, 4)
    >
    > SE <- lapply(struct_equiv(graph), "[[", "SE")
    *** recursive gc invocation
    *** recursive gc invocation
    *** recursive gc invocation
    *** recursive gc invocation
    *** recursive gc invocation
    Error in `[<-`(`*tmp*`, cbind(1:nrow(z_ik), ids[, 1]), value = 0) :
     bad binding access
    Calls: lapply ... struct_equiv.dgCMatrix -> struct_equiv_new -> euclidean_distance -> [<-
    Execution halted
Flavor: r-patched-solaris-x86