CRAN Package Check Results for Package netgen

Last updated on 2021-05-07 01:48:48 CEST.

Flavor Version Tinstall Tcheck Ttotal Status Flags
r-devel-linux-x86_64-debian-clang 1.3.2 6.68 64.49 71.17 NOTE
r-devel-linux-x86_64-debian-gcc 1.3.2 5.82 47.62 53.44 NOTE
r-devel-linux-x86_64-fedora-clang 1.3.2 93.42 NOTE
r-devel-linux-x86_64-fedora-gcc 1.3.2 81.37 NOTE
r-devel-windows-ix86+x86_64 1.3.2 17.00 86.00 103.00 NOTE
r-devel-windows-x86_64-gcc10-UCRT 1.3.2 NOTE
r-patched-linux-x86_64 1.3.2 7.48 60.07 67.55 NOTE
r-patched-solaris-x86 1.3.2 123.00 OK
r-release-linux-x86_64 1.3.2 7.19 58.34 65.53 OK
r-release-macos-x86_64 1.3.2 OK
r-release-windows-ix86+x86_64 1.3.2 13.00 63.00 76.00 OK
r-oldrel-macos-x86_64 1.3.2 OK
r-oldrel-windows-ix86+x86_64 1.3.2 16.00 77.00 93.00 OK

Check Details

Version: 1.3.2
Check: LazyData
Result: NOTE
     'LazyData' is specified without a 'data' directory
Flavors: r-devel-linux-x86_64-debian-clang, r-devel-linux-x86_64-debian-gcc, r-devel-linux-x86_64-fedora-clang, r-devel-linux-x86_64-fedora-gcc, r-devel-windows-ix86+x86_64, r-devel-windows-x86_64-gcc10-UCRT, r-patched-linux-x86_64