CRAN Package Check Results for Package netgwas

Last updated on 2021-07-24 01:50:09 CEST.

Flavor Version Tinstall Tcheck Ttotal Status Flags
r-devel-linux-x86_64-debian-clang 1.13 11.22 156.14 167.36 OK
r-devel-linux-x86_64-debian-gcc 1.13 9.33 120.70 130.03 OK
r-devel-linux-x86_64-fedora-clang 1.13 208.35 OK
r-devel-linux-x86_64-fedora-gcc 1.13 198.48 OK
r-devel-windows-x86_64 1.13 15.00 142.00 157.00 OK
r-devel-windows-x86_64-gcc10-UCRT 1.13 OK
r-patched-linux-x86_64 1.13 12.49 148.22 160.71 OK
r-patched-solaris-x86 1.13 304.00 OK
r-release-linux-x86_64 1.13 10.35 149.32 159.67 OK
r-release-macos-arm64 1.13 ERROR
r-release-macos-x86_64 1.13 OK
r-release-windows-ix86+x86_64 1.13 26.00 140.00 166.00 OK
r-oldrel-macos-x86_64 1.13 OK
r-oldrel-windows-ix86+x86_64 1.13 26.00 189.00 215.00 OK

Check Details

Version: 1.13
Check: package dependencies
Result: ERROR
    Package required but not available: ‘RBGL’
    
    See section ‘The DESCRIPTION file’ in the ‘Writing R Extensions’
    manual.
Flavor: r-release-macos-arm64