CRAN Package Check Results for Package netmhc2pan

Last updated on 2021-11-30 00:51:35 CET.

Flavor Version Tinstall Tcheck Ttotal Status Flags
r-devel-linux-x86_64-debian-clang 1.3.1 3.45 31.73 35.18 NOTE
r-devel-linux-x86_64-debian-gcc 1.3.1 2.57 24.68 27.25 NOTE
r-devel-linux-x86_64-fedora-clang 1.3.1 54.62 NOTE
r-devel-linux-x86_64-fedora-gcc 1.3.1 43.16 NOTE
r-devel-windows-x86_64-new-UL 1.3.1 14.00 75.00 89.00 NOTE
r-devel-windows-x86_64-new-TK 1.3.1 NOTE
r-devel-windows-x86_64-old 1.3.1 15.00 43.00 58.00 NOTE
r-patched-linux-x86_64 1.3.1 3.80 30.21 34.01 NOTE
r-patched-solaris-x86 1.3.1 60.00 NOTE
r-release-linux-x86_64 1.3.1 3.07 30.31 33.38 NOTE
r-release-macos-arm64 1.3.1 NOTE
r-release-macos-x86_64 1.3.1 NOTE
r-release-windows-ix86+x86_64 1.3.1 8.00 40.00 48.00 NOTE
r-oldrel-macos-x86_64 1.3.1 OK
r-oldrel-windows-ix86+x86_64 1.3.1 7.00 53.00 60.00 OK

Check Details

Version: 1.3.1
Check: LazyData
Result: NOTE
     'LazyData' is specified without a 'data' directory
Flavors: r-devel-linux-x86_64-debian-clang, r-devel-linux-x86_64-debian-gcc, r-devel-linux-x86_64-fedora-clang, r-devel-linux-x86_64-fedora-gcc, r-devel-windows-x86_64-new-UL, r-devel-windows-x86_64-new-TK, r-devel-windows-x86_64-old, r-patched-linux-x86_64, r-patched-solaris-x86, r-release-linux-x86_64, r-release-macos-arm64, r-release-macos-x86_64, r-release-windows-ix86+x86_64