CRAN Package Check Results for Package netrankr

Last updated on 2019-12-07 00:53:39 CET.

Flavor Version Tinstall Tcheck Ttotal Status Flags
r-devel-linux-x86_64-debian-clang 0.2.1 154.87 77.31 232.18 OK
r-devel-linux-x86_64-debian-gcc 0.2.1 99.57 59.35 158.92 OK
r-devel-linux-x86_64-fedora-clang 0.2.1 313.85 NOTE
r-devel-linux-x86_64-fedora-gcc 0.2.1 279.03 OK
r-devel-windows-ix86+x86_64 0.2.1 280.00 167.00 447.00 OK
r-devel-windows-ix86+x86_64-gcc8 0.2.1 296.00 181.00 477.00 OK
r-patched-linux-x86_64 0.2.1 112.53 70.20 182.73 OK
r-patched-solaris-x86 0.2.1 265.40 OK
r-release-linux-x86_64 0.2.1 105.89 70.14 176.03 OK
r-release-windows-ix86+x86_64 0.2.1 360.00 114.00 474.00 OK
r-release-osx-x86_64 0.2.1 OK
r-oldrel-windows-ix86+x86_64 0.2.1 260.00 134.00 394.00 OK
r-oldrel-osx-x86_64 0.2.1 OK

Check Details

Version: 0.2.1
Check: installed package size
Result: NOTE
     installed size is 5.5Mb
     sub-directories of 1Mb or more:
     libs 4.2Mb
Flavor: r-devel-linux-x86_64-fedora-clang