CRAN Package Check Results for Package netrankr

Last updated on 2020-09-19 00:50:11 CEST.

Flavor Version Tinstall Tcheck Ttotal Status Flags
r-devel-linux-x86_64-debian-clang 0.3.0 163.05 76.87 239.92 OK
r-devel-linux-x86_64-debian-gcc 0.3.0 114.22 59.81 174.03 OK
r-devel-linux-x86_64-fedora-clang 0.3.0 342.43 NOTE
r-devel-linux-x86_64-fedora-gcc 0.3.0 300.97 OK
r-devel-windows-ix86+x86_64 0.3.0 342.00 153.00 495.00 OK
r-patched-linux-x86_64 0.3.0 122.44 75.14 197.58 OK
r-patched-solaris-x86 0.3.0 268.70 OK
r-release-linux-x86_64 0.3.0 113.77 75.30 189.07 OK
r-release-macos-x86_64 0.3.0 NOTE
r-release-windows-ix86+x86_64 0.3.0 363.00 151.00 514.00 OK
r-oldrel-macos-x86_64 0.3.0 NOTE
r-oldrel-windows-ix86+x86_64 0.3.0 308.00 111.00 419.00 OK

Check Details

Version: 0.3.0
Check: installed package size
Result: NOTE
     installed size is 6.3Mb
     sub-directories of 1Mb or more:
     libs 5.0Mb
Flavors: r-devel-linux-x86_64-fedora-clang, r-release-macos-x86_64, r-oldrel-macos-x86_64