CRAN Package Check Results for Package netrankr

Last updated on 2021-12-09 00:51:46 CET.

Flavor Version Tinstall Tcheck Ttotal Status Flags
r-devel-linux-x86_64-debian-clang 1.1.0 173.42 99.67 273.09 OK
r-devel-linux-x86_64-debian-gcc 1.1.0 115.49 78.64 194.13 OK
r-devel-linux-x86_64-fedora-clang 1.1.0 412.30 NOTE
r-devel-linux-x86_64-fedora-gcc 1.1.0 344.36 OK
r-devel-windows-x86_64-new-UL 1.1.0 215.00 198.00 413.00 OK
r-devel-windows-x86_64-new-TK 1.1.0 OK
r-devel-windows-x86_64-old 1.1.0 221.00 109.00 330.00 OK
r-patched-linux-x86_64 1.1.0 137.49 115.53 253.02 OK
r-release-linux-x86_64 1.1.0 149.05 115.48 264.53 OK
r-release-macos-arm64 1.1.0 NOTE
r-release-macos-x86_64 1.1.0 NOTE
r-release-windows-ix86+x86_64 1.1.0 324.00 201.00 525.00 OK
r-oldrel-macos-x86_64 1.1.0 NOTE
r-oldrel-windows-ix86+x86_64 1.1.0 425.00 190.00 615.00 OK

Check Details

Version: 1.1.0
Check: installed package size
Result: NOTE
     installed size is 6.2Mb
     sub-directories of 1Mb or more:
     doc 1.0Mb
     libs 4.8Mb
Flavors: r-devel-linux-x86_64-fedora-clang, r-release-macos-arm64, r-release-macos-x86_64, r-oldrel-macos-x86_64