CRAN Package Check Results for Package network

Last updated on 2022-12-09 01:50:35 CET.

Flavor Version Tinstall Tcheck Ttotal Status Flags
r-devel-linux-x86_64-debian-clang 1.18.0 17.55 102.45 120.00 WARN
r-devel-linux-x86_64-debian-gcc 1.18.0 11.99 94.65 106.64 WARN
r-devel-linux-x86_64-fedora-clang 1.18.0 161.98 WARN
r-devel-linux-x86_64-fedora-gcc 1.18.0 163.89 WARN
r-devel-windows-x86_64 1.18.0 64.00 215.00 279.00 OK
r-patched-linux-x86_64 1.18.0 17.05 95.33 112.38 OK
r-release-linux-x86_64 1.18.0 12.37 95.97 108.34 OK
r-release-macos-arm64 1.18.0 52.00 OK
r-release-macos-x86_64 1.18.0 63.00 OK
r-release-windows-x86_64 1.18.0 76.00 153.00 229.00 OK
r-oldrel-macos-arm64 1.18.0 54.00 OK
r-oldrel-macos-x86_64 1.18.0 64.00 OK
r-oldrel-windows-ix86+x86_64 1.18.0 33.00 153.00 186.00 OK

Check Details

Version: 1.18.0
Check: compiled code
Result: WARN
    File 'network/libs/network.so':
     Found '__sprintf_chk', possibly from 'sprintf' (C)
     Object: 'access.o'
    
    Compiled code should not call entry points which might terminate R nor
    write to stdout/stderr instead of to the console, nor use Fortran I/O
    nor system RNGs nor [v]sprintf.
    
    See 'Writing portable packages' in the 'Writing R Extensions' manual.
Flavors: r-devel-linux-x86_64-debian-clang, r-devel-linux-x86_64-debian-gcc, r-devel-linux-x86_64-fedora-gcc

Version: 1.18.0
Check: compiled code
Result: WARN
    File ‘network/libs/network.so’:
     Found ‘sprintf’, possibly from ‘sprintf’ (C)
     Object: ‘access.o’
    
    Compiled code should not call entry points which might terminate R nor
    write to stdout/stderr instead of to the console, nor use Fortran I/O
    nor system RNGs nor [v]sprintf.
    
    See ‘Writing portable packages’ in the ‘Writing R Extensions’ manual.
Flavor: r-devel-linux-x86_64-fedora-clang