Last updated on 2023-02-07 00:54:24 CET.
Flavor | Version | Tinstall | Tcheck | Ttotal | Status | Flags |
---|---|---|---|---|---|---|
r-devel-linux-x86_64-debian-clang | 0.1-1 | 2030.59 | 307.55 | 2338.14 | NOTE | |
r-devel-linux-x86_64-debian-gcc | 0.1-1 | 1788.16 | 340.21 | 2128.37 | NOTE | |
r-devel-linux-x86_64-fedora-clang | 0.1-1 | 2866.60 | NOTE | |||
r-devel-linux-x86_64-fedora-gcc | 0.1-1 | 3553.97 | NOTE | |||
r-devel-windows-x86_64 | 0.1-1 | 2075.00 | 598.00 | 2673.00 | NOTE | |
r-patched-linux-x86_64 | 0.1-1 | 1644.08 | 420.26 | 2064.34 | NOTE | |
r-release-linux-x86_64 | 0.1-1 | 0.01 | 3.61 | 3.62 | ERROR | |
r-release-macos-arm64 | 0.1-1 | 786.00 | NOTE | |||
r-release-macos-x86_64 | 0.1-1 | 1285.00 | NOTE | |||
r-release-windows-x86_64 | 0.1-1 | 1606.00 | 567.00 | 2173.00 | NOTE | |
r-oldrel-macos-arm64 | 0.1-1 | 802.00 | NOTE | |||
r-oldrel-macos-x86_64 | 0.1-1 | 985.00 | NOTE | |||
r-oldrel-windows-ix86+x86_64 | 0.1-1 | 4280.00 | 698.00 | 4978.00 | NOTE |
Version: 0.1-1
Check: C++ specification
Result: NOTE
Specified C++14: please update to current default of C++17
Flavors: r-devel-linux-x86_64-debian-clang, r-devel-linux-x86_64-debian-gcc, r-devel-linux-x86_64-fedora-clang, r-devel-linux-x86_64-fedora-gcc, r-devel-windows-x86_64
Version: 0.1-1
Check: for GNU extensions in Makefiles
Result: NOTE
GNU make is a SystemRequirements.
Flavors: r-devel-linux-x86_64-debian-clang, r-devel-linux-x86_64-debian-gcc, r-devel-linux-x86_64-fedora-clang, r-devel-linux-x86_64-fedora-gcc, r-devel-windows-x86_64, r-patched-linux-x86_64, r-release-macos-arm64, r-release-macos-x86_64, r-release-windows-x86_64, r-oldrel-macos-arm64, r-oldrel-macos-x86_64, r-oldrel-windows-ix86+x86_64
Version: 0.1-1
Check: installed package size
Result: NOTE
installed size is 19.8Mb
sub-directories of 1Mb or more:
libs 19.0Mb
Flavors: r-devel-linux-x86_64-fedora-clang, r-devel-windows-x86_64, r-release-macos-arm64, r-release-macos-x86_64, r-release-windows-x86_64, r-oldrel-macos-arm64, r-oldrel-macos-x86_64, r-oldrel-windows-ix86+x86_64
Version: 0.1-1
Check: dependencies in R code
Result: NOTE
Namespaces in Imports field not imported from:
‘RcppParallel’ ‘rstantools’
All declared Imports should be used.
Flavors: r-devel-linux-x86_64-fedora-clang, r-devel-linux-x86_64-fedora-gcc, r-release-macos-arm64, r-release-macos-x86_64, r-oldrel-macos-arm64, r-oldrel-macos-x86_64
Version: 0.1-1
Check: whether package can be installed
Result: ERROR
Installation failed.
Flavor: r-release-linux-x86_64