Last updated on 2023-02-06 00:52:37 CET.
Flavor | Version | Tinstall | Tcheck | Ttotal | Status | Flags |
---|---|---|---|---|---|---|
r-devel-linux-x86_64-debian-clang | 0.0.6 | 45.48 | 193.83 | 239.31 | OK | |
r-devel-linux-x86_64-debian-gcc | 0.0.6 | 33.46 | 142.55 | 176.01 | OK | |
r-devel-linux-x86_64-fedora-clang | 0.0.6 | 307.22 | NOTE | |||
r-devel-linux-x86_64-fedora-gcc | 0.0.6 | 303.71 | NOTE | |||
r-devel-windows-x86_64 | 0.0.6 | 222.00 | 291.00 | 513.00 | OK | |
r-patched-linux-x86_64 | 0.0.6 | 45.27 | 180.46 | 225.73 | OK | |
r-release-linux-x86_64 | 0.0.6 | 36.61 | 170.56 | 207.17 | OK | |
r-release-macos-arm64 | 0.0.6 | 69.00 | OK | |||
r-release-macos-x86_64 | 0.0.6 | 128.00 | OK | |||
r-release-windows-x86_64 | 0.0.6 | 227.00 | 245.00 | 472.00 | OK | |
r-oldrel-macos-arm64 | 0.0.6 | 85.00 | OK | |||
r-oldrel-macos-x86_64 | 0.0.6 | 167.00 | OK | |||
r-oldrel-windows-ix86+x86_64 | 0.0.6 | 91.00 | 290.00 | 381.00 | OK |
Version: 0.0.6
Check: compiled code
Result: NOTE
File ‘neuroim/libs/neuroim.so’:
Found no calls to: ‘R_registerRoutines’, ‘R_useDynamicSymbols’
It is good practice to register native routines and to disable symbol
search.
See ‘Writing portable packages’ in the ‘Writing R Extensions’ manual.
Flavors: r-devel-linux-x86_64-fedora-clang, r-devel-linux-x86_64-fedora-gcc