CRAN Package Check Results for Package newsmap

Last updated on 2021-03-02 00:47:32 CET.

Flavor Version Tinstall Tcheck Ttotal Status Flags
r-devel-linux-x86_64-debian-clang 0.7.3 OK
r-devel-linux-x86_64-debian-gcc 0.7.3 8.76 84.89 93.65 OK
r-devel-linux-x86_64-fedora-clang 0.7.3 158.88 NOTE
r-devel-linux-x86_64-fedora-gcc 0.7.3 145.60 NOTE
r-devel-windows-ix86+x86_64 0.7.3 21.00 99.00 120.00 OK
r-patched-linux-x86_64 0.7.3 10.51 105.65 116.16 OK
r-patched-solaris-x86 0.7.3 218.40 NOTE
r-release-linux-x86_64 0.7.3 9.41 105.64 115.05 OK
r-release-macos-x86_64 0.7.3 NOTE
r-release-windows-ix86+x86_64 0.7.3 29.00 143.00 172.00 OK
r-oldrel-macos-x86_64 0.7.3 NOTE
r-oldrel-windows-ix86+x86_64 0.7.3 17.00 129.00 146.00 OK

Check Details

Version: 0.7.3
Check: dependencies in R code
Result: NOTE
    Namespace in Imports field not imported from: ‘stringi’
     All declared Imports should be used.
Flavors: r-devel-linux-x86_64-fedora-clang, r-devel-linux-x86_64-fedora-gcc, r-patched-solaris-x86, r-release-macos-x86_64, r-oldrel-macos-x86_64

Version: 0.7.3
Check: data for non-ASCII characters
Result: NOTE
     Note: found 4485 marked UTF-8 strings
Flavors: r-devel-linux-x86_64-fedora-clang, r-devel-linux-x86_64-fedora-gcc, r-patched-solaris-x86, r-release-macos-x86_64, r-oldrel-macos-x86_64