Last updated on 2023-01-31 00:51:06 CET.
Flavor | Version | Tinstall | Tcheck | Ttotal | Status | Flags |
---|---|---|---|---|---|---|
r-devel-linux-x86_64-debian-clang | 1.3.2 | 5.37 | 88.44 | 93.81 | OK | |
r-devel-linux-x86_64-debian-gcc | 1.3.2 | 3.85 | 62.22 | 66.07 | OK | |
r-devel-linux-x86_64-fedora-clang | 1.3.2 | 112.31 | NOTE | |||
r-devel-linux-x86_64-fedora-gcc | 1.3.2 | 129.24 | OK | |||
r-devel-windows-x86_64 | 1.3.2 | 126.00 | 151.00 | 277.00 | OK | |
r-patched-linux-x86_64 | 1.3.2 | 6.90 | 77.78 | 84.68 | OK | |
r-release-linux-x86_64 | 1.3.2 | 4.96 | 58.29 | 63.25 | OK | |
r-release-macos-arm64 | 1.3.2 | 41.00 | OK | |||
r-release-macos-x86_64 | 1.3.2 | 55.00 | OK | |||
r-release-windows-x86_64 | 1.3.2 | 77.00 | 154.00 | 231.00 | OK | |
r-oldrel-macos-arm64 | 1.3.2 | 56.00 | OK | |||
r-oldrel-macos-x86_64 | 1.3.2 | 71.00 | OK | |||
r-oldrel-windows-ix86+x86_64 | 1.3.2 | 12.00 | 113.00 | 125.00 | OK |
Version: 1.3.2
Check: Rd cross-references
Result: NOTE
Undeclared package ‘yaml’ in Rd xrefs
Flavor: r-devel-linux-x86_64-fedora-clang