CRAN Package Check Results for Package ngramrr

Last updated on 2024-07-18 06:57:30 CEST.

Flavor Version Tinstall Tcheck Ttotal Status Flags
r-devel-linux-x86_64-debian-clang 0.2.0 4.14 37.32 41.46 NOTE
r-devel-linux-x86_64-debian-gcc 0.2.0 2.95 28.24 31.19 NOTE
r-devel-linux-x86_64-fedora-clang 0.2.0 51.01 NOTE
r-devel-linux-x86_64-fedora-gcc 0.2.0 48.06 NOTE
r-devel-windows-x86_64 0.2.0 4.00 55.00 59.00 NOTE
r-patched-linux-x86_64 0.2.0 2.95 35.44 38.39 NOTE
r-release-linux-x86_64 0.2.0 3.66 34.98 38.64 NOTE
r-release-macos-arm64 0.2.0 21.00 NOTE
r-release-macos-x86_64 0.2.0 29.00 NOTE
r-release-windows-x86_64 0.2.0 4.00 55.00 59.00 NOTE
r-oldrel-macos-arm64 0.2.0 20.00 NOTE
r-oldrel-macos-x86_64 0.2.0 25.00 NOTE
r-oldrel-windows-x86_64 0.2.0 5.00 58.00 63.00 NOTE

Check Details

Version: 0.2.0
Check: LazyData
Result: NOTE 'LazyData' is specified without a 'data' directory Flavors: r-devel-linux-x86_64-debian-clang, r-devel-linux-x86_64-debian-gcc, r-devel-linux-x86_64-fedora-clang, r-devel-linux-x86_64-fedora-gcc, r-devel-windows-x86_64, r-patched-linux-x86_64, r-release-linux-x86_64, r-release-macos-arm64, r-release-macos-x86_64, r-release-windows-x86_64, r-oldrel-macos-arm64, r-oldrel-macos-x86_64, r-oldrel-windows-x86_64