CRAN Package Check Results for Package nhdplusTools

Last updated on 2020-07-11 02:09:28 CEST.

Flavor Version Tinstall Tcheck Ttotal Status Flags
r-devel-linux-x86_64-debian-clang 0.3.13 9.87 135.66 145.53 OK
r-devel-linux-x86_64-debian-gcc 0.3.13 7.23 97.50 104.73 OK
r-devel-linux-x86_64-fedora-clang 0.3.13 188.86 NOTE
r-devel-linux-x86_64-fedora-gcc 0.3.13 180.30 OK
r-devel-windows-ix86+x86_64 0.3.13 18.00 219.00 237.00 NOTE
r-patched-linux-x86_64 0.3.13 7.80 125.13 132.93 OK
r-patched-solaris-x86 0.3.13 220.80 NOTE
r-release-linux-x86_64 0.3.13 8.30 130.54 138.84 OK
r-release-osx-x86_64 0.3.13 NOTE
r-release-windows-ix86+x86_64 0.3.13 21.00 174.00 195.00 NOTE
r-oldrel-osx-x86_64 0.3.13 NOTE
r-oldrel-windows-ix86+x86_64 0.3.13 23.00 147.00 170.00 NOTE

Check Details

Version: 0.3.13
Check: installed package size
Result: NOTE
     installed size is 6.1Mb
     sub-directories of 1Mb or more:
     extdata 5.5Mb
Flavors: r-devel-linux-x86_64-fedora-clang, r-devel-windows-ix86+x86_64, r-patched-solaris-x86, r-release-osx-x86_64, r-release-windows-ix86+x86_64, r-oldrel-osx-x86_64, r-oldrel-windows-ix86+x86_64