CRAN Package Check Results for Package nhdplusTools

Last updated on 2020-02-28 00:48:01 CET.

Flavor Version Tinstall Tcheck Ttotal Status Flags
r-devel-linux-x86_64-debian-clang 0.3.12 9.05 140.47 149.52 OK
r-devel-linux-x86_64-debian-gcc 0.3.12 8.00 104.20 112.20 OK
r-devel-linux-x86_64-fedora-clang 0.3.12 178.20 NOTE
r-devel-linux-x86_64-fedora-gcc 0.3.12 168.61 OK
r-devel-windows-ix86+x86_64 0.3.12 18.00 160.00 178.00 NOTE
r-devel-windows-ix86+x86_64-gcc8 0.3.12 21.00 158.00 179.00 NOTE
r-patched-linux-x86_64 0.3.12 8.67 124.86 133.53 OK
r-patched-solaris-x86 0.3.12 235.70 NOTE
r-release-linux-x86_64 0.3.12 8.93 124.33 133.26 OK
r-release-windows-ix86+x86_64 0.3.12 15.00 142.00 157.00 NOTE
r-release-osx-x86_64 0.3.12 NOTE
r-oldrel-windows-ix86+x86_64 0.3.12 9.00 149.00 158.00 NOTE
r-oldrel-osx-x86_64 0.3.12 NOTE

Check Details

Version: 0.3.12
Check: installed package size
Result: NOTE
     installed size is 6.1Mb
     sub-directories of 1Mb or more:
     extdata 5.5Mb
Flavors: r-devel-linux-x86_64-fedora-clang, r-devel-windows-ix86+x86_64, r-devel-windows-ix86+x86_64-gcc8, r-patched-solaris-x86, r-release-windows-ix86+x86_64, r-release-osx-x86_64, r-oldrel-windows-ix86+x86_64, r-oldrel-osx-x86_64