Last updated on 2022-06-26 01:48:55 CEST.
Flavor | Version | Tinstall | Tcheck | Ttotal | Status | Flags |
---|---|---|---|---|---|---|
r-devel-linux-x86_64-debian-clang | 0.3.2 | 6.37 | 66.47 | 72.84 | OK | |
r-devel-linux-x86_64-debian-gcc | 0.3.2 | 5.25 | 49.64 | 54.89 | OK | |
r-devel-linux-x86_64-fedora-clang | 0.3.2 | 98.91 | NOTE | |||
r-devel-linux-x86_64-fedora-gcc | 0.3.2 | 95.56 | NOTE | |||
r-devel-windows-x86_64 | 0.3.2 | 17.00 | 99.00 | 116.00 | OK | |
r-patched-linux-x86_64 | 0.3.2 | 6.43 | 62.78 | 69.21 | OK | |
r-release-linux-x86_64 | 0.3.2 | 7.66 | 61.90 | 69.56 | OK | |
r-release-macos-arm64 | 0.3.2 | 32.00 | NOTE | |||
r-release-macos-x86_64 | 0.3.2 | 52.00 | NOTE | |||
r-release-windows-x86_64 | 0.3.2 | 17.00 | 95.00 | 112.00 | OK | |
r-oldrel-macos-arm64 | 0.3.2 | 32.00 | NOTE | |||
r-oldrel-macos-x86_64 | 0.3.2 | 51.00 | NOTE | |||
r-oldrel-windows-ix86+x86_64 | 0.3.2 | 17.00 | 85.00 | 102.00 | OK |
Version: 0.3.2
Check: data for non-ASCII characters
Result: NOTE
Note: found 4 marked UTF-8 strings
Flavors: r-devel-linux-x86_64-fedora-clang, r-devel-linux-x86_64-fedora-gcc, r-release-macos-arm64, r-release-macos-x86_64, r-oldrel-macos-arm64, r-oldrel-macos-x86_64