CRAN Package Check Results for Package nlcv

Last updated on 2020-09-19 00:50:11 CEST.

Flavor Version Tinstall Tcheck Ttotal Status Flags
r-devel-linux-x86_64-debian-clang 0.3.5 23.32 246.57 269.89 OK
r-devel-linux-x86_64-debian-gcc 0.3.5 22.29 187.49 209.78 OK
r-devel-linux-x86_64-fedora-clang 0.3.5 340.83 OK
r-devel-linux-x86_64-fedora-gcc 0.3.5 339.28 OK
r-devel-windows-ix86+x86_64 0.3.5 60.00 297.00 357.00 OK
r-patched-linux-x86_64 0.3.5 25.75 246.22 271.97 OK
r-patched-solaris-x86 0.3.5 469.60 OK
r-release-linux-x86_64 0.3.5 23.49 249.98 273.47 OK
r-release-macos-x86_64 0.3.5 NOTE
r-release-windows-ix86+x86_64 0.3.5 60.00 216.00 276.00 OK
r-oldrel-macos-x86_64 0.3.5 WARN
r-oldrel-windows-ix86+x86_64 0.3.5 54.00 331.00 385.00 OK

Check Details

Version: 0.3.5
Check: package dependencies
Result: NOTE
    Package suggested but not available for checking: ‘ALL’
Flavors: r-release-macos-x86_64, r-oldrel-macos-x86_64

Version: 0.3.5
Check: whether package can be installed
Result: WARN
    Found the following significant warnings:
     Warning: package ‘AnnotationDbi’ was built under R version 3.6.1
     Warning: package ‘IRanges’ was built under R version 3.6.1
     Warning: package ‘S4Vectors’ was built under R version 3.6.1
Flavor: r-oldrel-macos-x86_64