CRAN Package Check Results for Package nlcv

Last updated on 2020-02-20 00:54:19 CET.

Flavor Version Tinstall Tcheck Ttotal Status Flags
r-devel-linux-x86_64-debian-clang 0.3.5 30.43 311.43 341.86 OK
r-devel-linux-x86_64-debian-gcc 0.3.5 24.86 231.88 256.74 OK
r-devel-linux-x86_64-fedora-clang 0.3.5 444.33 OK
r-devel-linux-x86_64-fedora-gcc 0.3.5 428.88 OK
r-devel-windows-ix86+x86_64 0.3.5 53.00 283.00 336.00 OK
r-devel-windows-ix86+x86_64-gcc8 0.3.5 94.00 417.00 511.00 OK
r-patched-linux-x86_64 0.3.5 24.72 259.48 284.20 OK
r-patched-solaris-x86 0.3.5 521.60 OK
r-release-linux-x86_64 0.3.5 24.36 262.24 286.60 OK
r-release-windows-ix86+x86_64 0.3.5 58.00 262.00 320.00 OK
r-release-osx-x86_64 0.3.5 WARN
r-oldrel-windows-ix86+x86_64 0.3.5 34.00 261.00 295.00 OK
r-oldrel-osx-x86_64 0.3.5 OK

Check Details

Version: 0.3.5
Check: package dependencies
Result: NOTE
    Package suggested but not available for checking: ‘ALL’
Flavor: r-release-osx-x86_64

Version: 0.3.5
Check: whether package can be installed
Result: WARN
    Found the following significant warnings:
     Warning: package ‘AnnotationDbi’ was built under R version 3.6.1
     Warning: package ‘IRanges’ was built under R version 3.6.1
     Warning: package ‘S4Vectors’ was built under R version 3.6.1
Flavor: r-release-osx-x86_64