CRAN Package Check Results for Package nloptr

Last updated on 2020-02-27 00:52:35 CET.

Flavor Version Tinstall Tcheck Ttotal Status Flags
r-devel-linux-x86_64-debian-clang 1.2.1 8.38 45.71 54.09 WARN
r-devel-linux-x86_64-debian-gcc 1.2.1 WARN
r-devel-linux-x86_64-fedora-clang 1.2.1 70.31 WARN
r-devel-linux-x86_64-fedora-gcc 1.2.1 63.17 WARN
r-devel-windows-ix86+x86_64 1.2.1 19.00 90.00 109.00 NOTE
r-devel-windows-ix86+x86_64-gcc8 1.2.1 18.00 92.00 110.00 NOTE
r-patched-linux-x86_64 1.2.1 6.33 41.96 48.29 NOTE
r-patched-solaris-x86 1.2.1 153.50 NOTE
r-release-linux-x86_64 1.2.1 6.12 42.21 48.33 NOTE
r-release-windows-ix86+x86_64 1.2.1 19.00 86.00 105.00 NOTE
r-release-osx-x86_64 1.2.1 WARN
r-oldrel-windows-ix86+x86_64 1.2.1 13.00 85.00 98.00 OK
r-oldrel-osx-x86_64 1.2.1 OK

Check Details

Version: 1.2.1
Check: whether package can be installed
Result: WARN
    Found the following significant warnings:
     'config' variable 'CPP' is deprecated
     'config' variable 'CXXCPP' is deprecated
Flavors: r-devel-linux-x86_64-debian-clang, r-devel-linux-x86_64-debian-gcc, r-devel-linux-x86_64-fedora-clang, r-devel-linux-x86_64-fedora-gcc

Version: 1.2.1
Check: line endings in C/C++/Fortran sources/headers
Result: NOTE
    Found the following sources/headers with CR or CRLF line endings:
     inst/include/nloptrAPI.h
    Some Unix compilers require LF line endings.
Flavors: r-devel-linux-x86_64-debian-clang, r-devel-linux-x86_64-debian-gcc, r-devel-linux-x86_64-fedora-clang, r-devel-linux-x86_64-fedora-gcc, r-devel-windows-ix86+x86_64, r-devel-windows-ix86+x86_64-gcc8, r-patched-linux-x86_64, r-patched-solaris-x86, r-release-linux-x86_64, r-release-windows-ix86+x86_64, r-release-osx-x86_64

Version: 1.2.1
Check: whether package can be installed
Result: WARN
    Found the following significant warnings:
     clang-7: warning: treating 'c' input as 'c++' when in C++ mode, this behavior is deprecated [-Wdeprecated]
Flavor: r-release-osx-x86_64