CRAN Package Check Results for Package nlraa

Last updated on 2025-01-20 08:48:32 CET.

Flavor Version Tinstall Tcheck Ttotal Status Flags
r-devel-linux-x86_64-debian-clang 1.9.7 19.39 370.70 390.09 NOTE
r-devel-linux-x86_64-debian-gcc 1.9.7 11.73 250.11 261.84 NOTE
r-devel-linux-x86_64-fedora-clang 1.9.7 644.70 OK
r-devel-linux-x86_64-fedora-gcc 1.9.7 626.18 OK
r-devel-windows-x86_64 1.9.7 19.00 346.00 365.00 NOTE
r-patched-linux-x86_64 1.9.7 19.02 347.88 366.90 OK
r-release-linux-x86_64 1.9.7 18.27 347.68 365.95 OK
r-release-macos-arm64 1.9.7 158.00 OK
r-release-macos-x86_64 1.9.7 258.00 OK
r-release-windows-x86_64 1.9.7 18.00 363.00 381.00 OK
r-oldrel-macos-arm64 1.9.7 166.00 OK
r-oldrel-macos-x86_64 1.9.7 362.00 OK
r-oldrel-windows-x86_64 1.9.7 23.00 442.00 465.00 OK

Check Details

Version: 1.9.7
Check: Rd cross-references
Result: NOTE Found the following Rd file(s) with Rd \link{} targets missing package anchors: nlsLMList.formula.Rd: nlsList predict_nlme.Rd: predict.nlme, predict.lme, predict.gnls Please provide package anchors for all Rd \link{} targets not in the package itself and the base packages. Flavors: r-devel-linux-x86_64-debian-clang, r-devel-linux-x86_64-debian-gcc, r-devel-windows-x86_64