CRAN Package Check Results for Package nnfor

Last updated on 2020-07-11 02:09:28 CEST.

Flavor Version Tinstall Tcheck Ttotal Status Flags
r-devel-linux-x86_64-debian-clang 0.9.6 13.70 107.02 120.72 OK
r-devel-linux-x86_64-debian-gcc 0.9.6 11.38 81.74 93.12 OK
r-devel-linux-x86_64-fedora-clang 0.9.6 152.47 NOTE
r-devel-linux-x86_64-fedora-gcc 0.9.6 142.21 NOTE
r-devel-windows-ix86+x86_64 0.9.6 32.00 157.00 189.00 OK
r-patched-linux-x86_64 0.9.6 12.94 104.75 117.69 OK
r-patched-solaris-x86 0.9.6 205.90 NOTE
r-release-linux-x86_64 0.9.6 12.03 105.90 117.93 OK
r-release-osx-x86_64 0.9.6 NOTE
r-release-windows-ix86+x86_64 0.9.6 30.00 135.00 165.00 OK
r-oldrel-osx-x86_64 0.9.6 NOTE
r-oldrel-windows-ix86+x86_64 0.9.6 25.00 116.00 141.00 OK

Check Details

Version: 0.9.6
Check: dependencies in R code
Result: NOTE
    Namespace in Imports field not imported from: ‘uroot’
     All declared Imports should be used.
Flavors: r-devel-linux-x86_64-fedora-clang, r-devel-linux-x86_64-fedora-gcc, r-patched-solaris-x86, r-release-osx-x86_64, r-oldrel-osx-x86_64