Last updated on 2023-11-30 08:50:02 CET.
Flavor | Version | Tinstall | Tcheck | Ttotal | Status | Flags |
---|---|---|---|---|---|---|
r-devel-linux-x86_64-debian-clang | 0.4.7 | 7.76 | 84.73 | 92.49 | OK | |
r-devel-linux-x86_64-debian-gcc | 0.4.7 | 6.19 | 62.63 | 68.82 | OK | |
r-devel-linux-x86_64-fedora-clang | 0.4.7 | 116.66 | NOTE | |||
r-devel-linux-x86_64-fedora-gcc | 0.4.7 | 126.96 | OK | |||
r-devel-windows-x86_64 | 0.4.7 | 12.00 | 107.00 | 119.00 | OK | |
r-patched-linux-x86_64 | 0.4.7 | 8.63 | 79.43 | 88.06 | OK | |
r-release-linux-x86_64 | 0.4.7 | 8.39 | 79.48 | 87.87 | OK | |
r-release-macos-arm64 | 0.4.7 | 47.00 | OK | |||
r-release-macos-x86_64 | 0.4.7 | 82.00 | OK | |||
r-release-windows-x86_64 | 0.4.7 | 13.00 | 99.00 | 112.00 | OK | |
r-oldrel-macos-arm64 | 0.4.7 | 41.00 | OK | |||
r-oldrel-macos-x86_64 | 0.4.7 | 51.00 | OK | |||
r-oldrel-windows-x86_64 | 0.4.7 | 13.00 | 105.00 | 118.00 | OK |
Version: 0.4.7
Check: Rd cross-references
Result: NOTE
Undeclared package ‘sfheaders’ in Rd xrefs
Flavor: r-devel-linux-x86_64-fedora-clang