CRAN Package Check Results for Package nodbi

Last updated on 2021-02-28 00:48:51 CET.

Flavor Version Tinstall Tcheck Ttotal Status Flags
r-devel-linux-x86_64-debian-clang 0.4.2 3.43 34.23 37.66 OK
r-devel-linux-x86_64-debian-gcc 0.4.2 2.75 26.02 28.77 OK
r-devel-linux-x86_64-fedora-clang 0.4.2 55.38 OK
r-devel-linux-x86_64-fedora-gcc 0.4.2 44.21 OK
r-devel-windows-ix86+x86_64 0.4.2 8.00 38.00 46.00 OK
r-patched-linux-x86_64 0.4.2 3.18 32.43 35.61 OK
r-patched-solaris-x86 0.4.2 71.70 NOTE
r-release-linux-x86_64 0.4.2 3.84 31.97 35.81 OK
r-release-macos-x86_64 0.4.2 OK
r-release-windows-ix86+x86_64 0.4.2 20.00 48.00 68.00 OK
r-oldrel-macos-x86_64 0.4.2 OK
r-oldrel-windows-ix86+x86_64 0.4.2 5.00 47.00 52.00 OK

Check Details

Version: 0.4.2
Check: package dependencies
Result: NOTE
    Package suggested but not available for checking: ‘redux’
Flavor: r-patched-solaris-x86