CRAN Package Check Results for Package nodbi

Last updated on 2020-06-04 02:48:08 CEST.

Flavor Version Tinstall Tcheck Ttotal Status Flags
r-devel-linux-x86_64-debian-clang 0.4.0 3.49 32.12 35.61 OK
r-devel-linux-x86_64-debian-gcc 0.4.0 2.93 24.84 27.77 OK
r-devel-linux-x86_64-fedora-clang 0.4.0 51.01 OK
r-devel-linux-x86_64-fedora-gcc 0.4.0 41.47 OK
r-devel-windows-ix86+x86_64 0.4.0 11.00 68.00 79.00 OK
r-patched-linux-x86_64 0.4.0 3.95 31.29 35.24 OK
r-patched-solaris-x86 0.4.0 66.00 NOTE
r-release-linux-x86_64 0.4.0 3.42 31.72 35.14 OK
r-release-osx-x86_64 0.4.0 OK
r-release-windows-ix86+x86_64 0.4.0 9.00 56.00 65.00 OK
r-oldrel-osx-x86_64 0.4.0 OK
r-oldrel-windows-ix86+x86_64 0.4.0 10.00 43.00 53.00 OK

Check Details

Version: 0.4.0
Check: package dependencies
Result: NOTE
    Package suggested but not available for checking: ‘redux’
Flavor: r-patched-solaris-x86

Version: 0.4.0
Check: Rd cross-references
Result: NOTE
    Package unavailable to check Rd xrefs: ‘redux’
Flavor: r-patched-solaris-x86