CRAN Package Check Results for Package nodeHarvest

Last updated on 2020-03-30 02:48:36 CEST.

Flavor Version Tinstall Tcheck Ttotal Status Flags
r-devel-linux-x86_64-debian-clang 0.7-3 NOTE
r-devel-linux-x86_64-debian-gcc 0.7-3 2.41 19.68 22.09 NOTE
r-devel-linux-x86_64-fedora-clang 0.7-3 33.98 NOTE
r-devel-linux-x86_64-fedora-gcc 0.7-3 32.64 NOTE
r-devel-windows-ix86+x86_64 0.7-3 8.00 36.00 44.00 NOTE
r-devel-windows-ix86+x86_64-gcc8 0.7-3 7.00 40.00 47.00 NOTE
r-patched-linux-x86_64 0.7-3 2.47 24.33 26.80 NOTE
r-patched-solaris-x86 0.7-3 53.40 NOTE
r-release-linux-x86_64 0.7-3 2.57 22.65 25.22 NOTE
r-release-windows-ix86+x86_64 0.7-3 9.00 38.00 47.00 NOTE
r-release-osx-x86_64 0.7-3 NOTE
r-oldrel-windows-ix86+x86_64 0.7-3 5.00 46.00 51.00 NOTE
r-oldrel-osx-x86_64 0.7-3 NOTE

Check Details

Version: 0.7-3
Check: R code for possible problems
Result: NOTE
    makeRules: no visible global function definition for 'sd'
    makeRules: no visible global function definition for 'rnorm'
    nodeHarvest: no visible global function definition for 'capture.output'
    nodeHarvest: no visible global function definition for 'lm'
    nodeHarvest: no visible global function definition for 'coef'
    plot.nodeHarvest: no visible global function definition for 'rgb'
    Undefined global functions or variables:
     capture.output coef lm rgb rnorm sd
    Consider adding
     importFrom("grDevices", "rgb")
     importFrom("stats", "coef", "lm", "rnorm", "sd")
     importFrom("utils", "capture.output")
    to your NAMESPACE file.
Flavors: r-devel-linux-x86_64-debian-clang, r-devel-linux-x86_64-debian-gcc, r-devel-linux-x86_64-fedora-clang, r-devel-linux-x86_64-fedora-gcc, r-devel-windows-ix86+x86_64, r-devel-windows-ix86+x86_64-gcc8, r-patched-linux-x86_64, r-patched-solaris-x86, r-release-linux-x86_64, r-release-windows-ix86+x86_64, r-release-osx-x86_64, r-oldrel-windows-ix86+x86_64, r-oldrel-osx-x86_64