CRAN Package Check Results for Package nomisr

Last updated on 2021-06-22 01:49:23 CEST.

Flavor Version Tinstall Tcheck Ttotal Status Flags
r-devel-linux-x86_64-debian-clang 0.4.4 6.89 187.93 194.82 OK
r-devel-linux-x86_64-debian-gcc 0.4.4 5.20 147.25 152.45 OK
r-devel-linux-x86_64-fedora-clang 0.4.4 247.56 OK
r-devel-linux-x86_64-fedora-gcc 0.4.4 232.77 OK
r-devel-windows-x86_64 0.4.4 10.00 431.00 441.00 OK
r-devel-windows-x86_64-gcc10-UCRT 0.4.4 ERROR
r-patched-linux-x86_64 0.4.4 7.24 177.17 184.41 OK
r-patched-solaris-x86 0.4.4 281.90 OK
r-release-linux-x86_64 0.4.4 5.90 178.69 184.59 OK
r-release-macos-arm64 0.4.4 OK
r-release-macos-x86_64 0.4.4 OK
r-release-windows-ix86+x86_64 0.4.4 12.00 391.00 403.00 OK
r-oldrel-macos-x86_64 0.4.4 OK

Check Details

Version: 0.4.4
Check: package dependencies
Result: ERROR
    Packages required but not available: 'httr', 'rsdmx'
    
    See section 'The DESCRIPTION file' in the 'Writing R Extensions'
    manual.
Flavor: r-devel-windows-x86_64-gcc10-UCRT