CRAN Package Check Results for Package nomogramEx

Last updated on 2023-01-27 00:51:09 CET.

Flavor Version Tinstall Tcheck Ttotal Status Flags
r-devel-linux-x86_64-debian-clang 3.0 15.80 120.08 135.88 NOTE
r-devel-linux-x86_64-debian-gcc 3.0 10.88 87.44 98.32 NOTE
r-devel-linux-x86_64-fedora-clang 3.0 172.62 NOTE
r-devel-linux-x86_64-fedora-gcc 3.0 170.15 NOTE
r-patched-linux-x86_64 3.0 13.71 114.94 128.65 NOTE
r-release-linux-x86_64 3.0 9.82 115.19 125.01 NOTE
r-release-macos-arm64 3.0 50.00 NOTE
r-release-macos-x86_64 3.0 69.00 NOTE
r-release-windows-x86_64 3.0 20.00 139.00 159.00 NOTE
r-oldrel-macos-arm64 3.0 45.00 NOTE
r-oldrel-macos-x86_64 3.0 61.00 NOTE
r-oldrel-windows-ix86+x86_64 3.0 34.00 131.00 165.00 NOTE

Check Details

Version: 3.0
Check: LazyData
Result: NOTE
     'LazyData' is specified without a 'data' directory
Flavors: r-devel-linux-x86_64-debian-clang, r-devel-linux-x86_64-debian-gcc, r-devel-linux-x86_64-fedora-clang, r-devel-linux-x86_64-fedora-gcc, r-patched-linux-x86_64, r-release-linux-x86_64, r-release-macos-arm64, r-release-macos-x86_64, r-release-windows-x86_64, r-oldrel-macos-arm64, r-oldrel-macos-x86_64, r-oldrel-windows-ix86+x86_64