CRAN Package Check Results for Package nomogramFormula

Last updated on 2021-12-06 00:48:35 CET.

Flavor Version Tinstall Tcheck Ttotal Status Flags
r-devel-linux-x86_64-debian-clang 1.2.0.0 2.90 41.92 44.82 NOTE
r-devel-linux-x86_64-debian-gcc 1.2.0.0 2.21 33.18 35.39 NOTE
r-devel-linux-x86_64-fedora-clang 1.2.0.0 57.04 NOTE
r-devel-linux-x86_64-fedora-gcc 1.2.0.0 44.43 NOTE
r-devel-windows-x86_64-new-UL 1.2.0.0 9.00 70.00 79.00 NOTE
r-devel-windows-x86_64-new-TK 1.2.0.0 NOTE
r-devel-windows-x86_64-old 1.2.0.0 7.00 42.00 49.00 NOTE
r-patched-linux-x86_64 1.2.0.0 2.53 32.96 35.49 NOTE
r-release-linux-x86_64 1.2.0.0 2.69 40.14 42.83 NOTE
r-release-macos-arm64 1.2.0.0 NOTE
r-release-macos-x86_64 1.2.0.0 NOTE
r-release-windows-ix86+x86_64 1.2.0.0 9.00 56.00 65.00 NOTE
r-oldrel-macos-x86_64 1.2.0.0 OK
r-oldrel-windows-ix86+x86_64 1.2.0.0 8.00 58.00 66.00 OK

Check Details

Version: 1.2.0.0
Check: LazyData
Result: NOTE
     'LazyData' is specified without a 'data' directory
Flavors: r-devel-linux-x86_64-debian-clang, r-devel-linux-x86_64-debian-gcc, r-devel-linux-x86_64-fedora-clang, r-devel-linux-x86_64-fedora-gcc, r-devel-windows-x86_64-new-UL, r-devel-windows-x86_64-new-TK, r-devel-windows-x86_64-old, r-patched-linux-x86_64, r-release-linux-x86_64, r-release-macos-arm64, r-release-macos-x86_64, r-release-windows-ix86+x86_64