Last updated on 2023-02-07 00:54:24 CET.
Flavor | Version | Tinstall | Tcheck | Ttotal | Status | Flags |
---|---|---|---|---|---|---|
r-devel-linux-x86_64-debian-clang | 0.4.0 | 19.17 | 277.26 | 296.43 | OK | |
r-devel-linux-x86_64-debian-gcc | 0.4.0 | 14.12 | 207.96 | 222.08 | OK | |
r-devel-linux-x86_64-fedora-clang | 0.4.0 | 361.07 | NOTE | |||
r-devel-linux-x86_64-fedora-gcc | 0.4.0 | 355.93 | NOTE | |||
r-devel-windows-x86_64 | 0.4.0 | 27.00 | 321.00 | 348.00 | OK | |
r-patched-linux-x86_64 | 0.4.0 | 16.27 | 262.93 | 279.20 | OK | |
r-release-linux-x86_64 | 0.4.0 | 15.82 | 254.63 | 270.45 | OK | |
r-release-macos-arm64 | 0.4.0 | 96.00 | NOTE | |||
r-release-macos-x86_64 | 0.4.0 | 159.00 | NOTE | |||
r-release-windows-x86_64 | 0.4.0 | 29.00 | 308.00 | 337.00 | OK | |
r-oldrel-macos-arm64 | 0.4.0 | 149.00 | NOTE | |||
r-oldrel-macos-x86_64 | 0.4.0 | 198.00 | NOTE | |||
r-oldrel-windows-ix86+x86_64 | 0.4.0 | 45.00 | 339.00 | 384.00 | OK |
Version: 0.4.0
Check: dependencies in R code
Result: NOTE
Namespaces in Imports field not imported from:
‘dplyr’ ‘e1071’ ‘pROC’ ‘purrr’ ‘randomForest’ ‘rlang’
All declared Imports should be used.
Flavors: r-devel-linux-x86_64-fedora-clang, r-devel-linux-x86_64-fedora-gcc, r-release-macos-arm64, r-release-macos-x86_64, r-oldrel-macos-arm64, r-oldrel-macos-x86_64