CRAN Package Check Results for Package nonlinearTseries

Last updated on 2022-01-28 00:49:02 CET.

Flavor Version Tinstall Tcheck Ttotal Status Flags
r-devel-linux-x86_64-debian-clang 0.2.11 142.64 125.52 268.16 OK
r-devel-linux-x86_64-debian-gcc 0.2.11 107.69 93.62 201.31 OK
r-devel-linux-x86_64-fedora-clang 0.2.11 394.84 OK
r-devel-linux-x86_64-fedora-gcc 0.2.11 334.20 OK
r-devel-windows-x86_64-new-UL 0.2.11 331.00 232.00 563.00 OK
r-devel-windows-x86_64-new-TK 0.2.11 OK
r-patched-linux-x86_64 0.2.11 127.28 116.96 244.24 OK
r-release-linux-x86_64 0.2.11 122.72 116.01 238.73 OK
r-release-macos-arm64 0.2.11 NOTE
r-release-macos-x86_64 0.2.11 OK
r-release-windows-ix86+x86_64 0.2.11 350.00 176.00 526.00 OK
r-oldrel-macos-x86_64 0.2.11 OK
r-oldrel-windows-ix86+x86_64 0.2.11 350.00 180.00 530.00 OK

Check Details

Version: 0.2.11
Check: installed package size
Result: NOTE
     installed size is 5.1Mb
     sub-directories of 1Mb or more:
     libs 4.4Mb
Flavor: r-release-macos-arm64