CRAN Package Check Results for Package nonparaeff

Last updated on 2021-12-03 00:48:49 CET.

Flavor Version Tinstall Tcheck Ttotal Status Flags
r-devel-linux-x86_64-debian-clang 0.5-8 20.49 140.03 160.52 NOTE
r-devel-linux-x86_64-debian-gcc 0.5-8 15.66 114.97 130.63 NOTE
r-devel-linux-x86_64-fedora-clang 0.5-8 200.77 NOTE
r-devel-linux-x86_64-fedora-gcc 0.5-8 187.61 NOTE
r-devel-windows-x86_64-new-UL 0.5-8 34.00 185.00 219.00 NOTE
r-devel-windows-x86_64-new-TK 0.5-8 NOTE
r-devel-windows-x86_64-old 0.5-8 29.00 132.00 161.00 NOTE
r-patched-linux-x86_64 0.5-8 25.27 129.74 155.01 NOTE
r-patched-solaris-x86 0.5-8 215.90 NOTE
r-release-linux-x86_64 0.5-8 18.32 130.00 148.32 NOTE
r-release-macos-arm64 0.5-8 NOTE
r-release-macos-x86_64 0.5-8 NOTE
r-release-windows-ix86+x86_64 0.5-8 47.00 169.00 216.00 NOTE
r-oldrel-macos-x86_64 0.5-8 NOTE
r-oldrel-windows-ix86+x86_64 0.5-8 45.00 163.00 208.00 NOTE

Check Details

Version: 0.5-8
Check: package dependencies
Result: NOTE
    Depends: includes the non-default packages:
     'lpSolve', 'gdata', 'Hmisc', 'rms', 'geometry', 'psych', 'pwt'
    Adding so many packages to the search path is excessive and importing
    selectively is preferable.
Flavors: r-devel-linux-x86_64-debian-clang, r-devel-linux-x86_64-debian-gcc, r-devel-linux-x86_64-fedora-clang, r-devel-linux-x86_64-fedora-gcc, r-devel-windows-x86_64-new-UL, r-devel-windows-x86_64-new-TK, r-devel-windows-x86_64-old, r-patched-linux-x86_64, r-patched-solaris-x86, r-release-linux-x86_64, r-release-macos-arm64, r-release-macos-x86_64, r-release-windows-ix86+x86_64, r-oldrel-macos-x86_64, r-oldrel-windows-ix86+x86_64

Version: 0.5-8
Check: dependencies in R code
Result: NOTE
    'library' or 'require' calls to packages already attached by Depends:
     'Hmisc' 'gdata' 'geometry' 'lpSolve' 'psych' 'rms'
     Please remove these calls from your code.
    Packages in Depends field not imported from:
     'Hmisc' 'gdata' 'geometry' 'lpSolve' 'psych' 'pwt' 'rms'
     These packages need to be imported from (in the NAMESPACE file)
     for when this namespace is loaded but not attached.
Flavors: r-devel-linux-x86_64-debian-clang, r-devel-linux-x86_64-debian-gcc, r-devel-linux-x86_64-fedora-clang, r-devel-linux-x86_64-fedora-gcc, r-devel-windows-x86_64-new-UL, r-devel-windows-x86_64-new-TK, r-devel-windows-x86_64-old, r-patched-linux-x86_64, r-patched-solaris-x86, r-release-linux-x86_64, r-release-macos-arm64, r-release-macos-x86_64, r-release-windows-ix86+x86_64, r-oldrel-macos-x86_64, r-oldrel-windows-ix86+x86_64

Version: 0.5-8
Check: R code for possible problems
Result: NOTE
    additive: no visible global function definition for 'lp'
    ar.dual.dea: no visible global function definition for 'lp'
    cost.dea: no visible global function definition for 'lp'
    ddf: no visible global function definition for 'lp'
    dea: no visible global function definition for 'lp'
    direc.dea: no visible global function definition for 'lp'
    dual.dea: no visible global function definition for 'lp'
    effdea.b.f: no visible global function definition for 'convhulln'
    effdea.b.f: no visible global function definition for 'lp'
    faremalm2: no visible binding for global variable 'Lag'
    faremalm2: no visible global function definition for 'na.omit'
    int.dea: no visible global function definition for 'lp'
    lp2: no visible global function definition for 'lp'
    revenue.dea: no visible global function definition for 'lp'
    sbm.tone: no visible global function definition for 'lp'
    sbm.vrs: no visible global function definition for 'lp'
    Undefined global functions or variables:
     Lag convhulln lp na.omit
    Consider adding
     importFrom("stats", "na.omit")
    to your NAMESPACE file.
Flavors: r-devel-linux-x86_64-debian-clang, r-devel-linux-x86_64-debian-gcc, r-devel-linux-x86_64-fedora-clang, r-devel-linux-x86_64-fedora-gcc, r-devel-windows-x86_64-new-UL, r-devel-windows-x86_64-new-TK, r-devel-windows-x86_64-old, r-patched-linux-x86_64, r-patched-solaris-x86, r-release-linux-x86_64, r-release-macos-arm64, r-release-macos-x86_64, r-release-windows-ix86+x86_64, r-oldrel-macos-x86_64, r-oldrel-windows-ix86+x86_64