CRAN Package Check Results for Package nor1mix

Last updated on 2021-04-20 01:47:13 CEST.

Flavor Version Tinstall Tcheck Ttotal Status Flags
r-devel-linux-x86_64-debian-clang 1.3-0 2.27 31.84 34.11 OK
r-devel-linux-x86_64-debian-gcc 1.3-0 2.46 24.77 27.23 OK
r-devel-linux-x86_64-fedora-clang 1.3-0 55.12 NOTE
r-devel-linux-x86_64-fedora-gcc 1.3-0 42.08 OK
r-devel-windows-ix86+x86_64 1.3-0 6.00 37.00 43.00 OK
r-devel-windows-x86_64-gcc10-UCRT 1.3-0 OK
r-patched-linux-x86_64 1.3-0 2.85 30.68 33.53 OK
r-patched-solaris-x86 1.3-0 60.70 OK
r-release-linux-x86_64 1.3-0 3.04 30.59 33.63 OK
r-release-macos-x86_64 1.3-0 OK
r-release-windows-ix86+x86_64 1.3-0 7.00 50.00 57.00 OK
r-oldrel-macos-x86_64 1.3-0 OK
r-oldrel-windows-ix86+x86_64 1.3-0 5.00 44.00 49.00 OK

Check Details

Version: 1.3-0
Check: Rd cross-references
Result: NOTE
    Undeclared package ‘copula’ in Rd xrefs
Flavor: r-devel-linux-x86_64-fedora-clang