CRAN Package Check Results for Package nor1mix

Last updated on 2023-05-30 08:02:25 CEST.

Flavor Version Tinstall Tcheck Ttotal Status Flags
r-devel-linux-x86_64-debian-clang 1.3-0 2.71 33.40 36.11 OK
r-devel-linux-x86_64-debian-gcc 1.3-0 2.71 26.27 28.98 OK
r-devel-linux-x86_64-fedora-clang 1.3-0 46.84 NOTE
r-devel-linux-x86_64-fedora-gcc 1.3-0 44.31 OK
r-devel-windows-x86_64 1.3-0 4.00 51.00 55.00 OK
r-patched-linux-x86_64 1.3-0 3.76 32.39 36.15 OK
r-release-linux-x86_64 1.3-0 2.84 32.94 35.78 OK
r-release-macos-arm64 1.3-0 20.00 OK
r-release-macos-x86_64 1.3-0 25.00 OK
r-release-windows-x86_64 1.3-0 4.00 53.00 57.00 OK
r-oldrel-macos-arm64 1.3-0 22.00 OK
r-oldrel-macos-x86_64 1.3-0 26.00 OK
r-oldrel-windows-x86_64 1.3-0 5.00 54.00 59.00 OK

Check Details

Version: 1.3-0
Check: Rd cross-references
Result: NOTE
    Undeclared package ‘copula’ in Rd xrefs
Flavor: r-devel-linux-x86_64-fedora-clang