CRAN Package Check Results for Package nprcgenekeepr

Last updated on 2021-01-26 00:47:46 CET.

Flavor Version Tinstall Tcheck Ttotal Status Flags
r-devel-linux-x86_64-debian-clang 1.0.3 14.05 196.24 210.29 OK
r-devel-linux-x86_64-debian-gcc 1.0.3 12.06 147.51 159.57 OK
r-devel-linux-x86_64-fedora-clang 1.0.3 253.96 NOTE
r-devel-linux-x86_64-fedora-gcc 1.0.3 251.49 NOTE
r-devel-windows-ix86+x86_64 1.0.3 34.00 258.00 292.00 OK
r-patched-linux-x86_64 1.0.3 14.54 185.22 199.76 OK
r-patched-solaris-x86 1.0.3 362.70 NOTE
r-release-linux-x86_64 1.0.3 14.03 186.70 200.73 OK
r-release-macos-x86_64 1.0.3 NOTE
r-release-windows-ix86+x86_64 1.0.3 34.00 200.00 234.00 OK
r-oldrel-macos-x86_64 1.0.3 NOTE
r-oldrel-windows-ix86+x86_64 1.0.3 24.00 217.00 241.00 OK

Check Details

Version: 1.0.3
Check: dependencies in R code
Result: NOTE
    Namespace in Imports field not imported from: ‘shinyBS’
     All declared Imports should be used.
Flavors: r-devel-linux-x86_64-fedora-clang, r-devel-linux-x86_64-fedora-gcc, r-patched-solaris-x86, r-release-macos-x86_64, r-oldrel-macos-x86_64