Last updated on 2021-04-13 01:47:46 CEST.
Flavor | Version | Tinstall | Tcheck | Ttotal | Status | Flags |
---|---|---|---|---|---|---|
r-devel-linux-x86_64-debian-clang | 1.0.5 | 14.48 | 194.20 | 208.68 | OK | |
r-devel-linux-x86_64-debian-gcc | 1.0.5 | 11.77 | 143.59 | 155.36 | OK | |
r-devel-linux-x86_64-fedora-clang | 1.0.5 | 249.35 | NOTE | |||
r-devel-linux-x86_64-fedora-gcc | 1.0.5 | 264.27 | NOTE | |||
r-devel-windows-ix86+x86_64 | 1.0.5 | 35.00 | 241.00 | 276.00 | OK | |
r-devel-windows-x86_64-gcc10-UCRT | 1.0.5 | NOTE | ||||
r-patched-linux-x86_64 | 1.0.5 | 14.48 | 179.66 | 194.14 | OK | |
r-patched-solaris-x86 | 1.0.5 | 370.60 | NOTE | |||
r-release-linux-x86_64 | 1.0.5 | 15.10 | 180.65 | 195.75 | OK | |
r-release-macos-x86_64 | 1.0.5 | NOTE | ||||
r-release-windows-ix86+x86_64 | 1.0.5 | 36.00 | 254.00 | 290.00 | OK | |
r-oldrel-macos-x86_64 | 1.0.5 | NOTE | ||||
r-oldrel-windows-ix86+x86_64 | 1.0.5 | 26.00 | 179.00 | 205.00 | OK |
Version: 1.0.5
Check: dependencies in R code
Result: NOTE
Namespace in Imports field not imported from: ‘rlang’
All declared Imports should be used.
Flavors: r-devel-linux-x86_64-fedora-clang, r-devel-linux-x86_64-fedora-gcc, r-devel-windows-x86_64-gcc10-UCRT, r-patched-solaris-x86, r-release-macos-x86_64, r-oldrel-macos-x86_64