CRAN Package Check Results for Package nproc

Last updated on 2021-04-18 01:49:28 CEST.

Flavor Version Tinstall Tcheck Ttotal Status Flags
r-devel-linux-x86_64-debian-clang 2.1.5 7.28 118.16 125.44 NOTE
r-devel-linux-x86_64-debian-gcc 2.1.5 7.29 82.03 89.32 NOTE
r-devel-linux-x86_64-fedora-clang 2.1.5 163.79 NOTE
r-devel-linux-x86_64-fedora-gcc 2.1.5 160.32 NOTE
r-devel-windows-ix86+x86_64 2.1.5 19.00 148.00 167.00 NOTE
r-devel-windows-x86_64-gcc10-UCRT 2.1.5 NOTE
r-patched-linux-x86_64 2.1.5 8.11 116.45 124.56 OK
r-patched-solaris-x86 2.1.5 233.50 OK
r-release-linux-x86_64 2.1.5 8.02 116.69 124.71 OK
r-release-macos-x86_64 2.1.5 OK
r-release-windows-ix86+x86_64 2.1.5 16.00 160.00 176.00 OK
r-oldrel-macos-x86_64 2.1.5 OK
r-oldrel-windows-ix86+x86_64 2.1.5 12.00 149.00 161.00 OK

Check Details

Version: 2.1.5
Check: LazyData
Result: NOTE
     'LazyData' is specified without a 'data' directory
Flavors: r-devel-linux-x86_64-debian-clang, r-devel-linux-x86_64-debian-gcc, r-devel-linux-x86_64-fedora-clang, r-devel-linux-x86_64-fedora-gcc, r-devel-windows-ix86+x86_64, r-devel-windows-x86_64-gcc10-UCRT