CRAN Package Check Results for Package nproc

Last updated on 2023-02-07 00:54:24 CET.

Flavor Version Tinstall Tcheck Ttotal Status Flags
r-devel-linux-x86_64-debian-clang 2.1.5 11.03 132.47 143.50 NOTE
r-devel-linux-x86_64-debian-gcc 2.1.5 7.70 89.62 97.32 NOTE
r-devel-linux-x86_64-fedora-clang 2.1.5 182.40 NOTE
r-devel-linux-x86_64-fedora-gcc 2.1.5 187.74 NOTE
r-devel-windows-x86_64 2.1.5 18.00 165.00 183.00 NOTE
r-patched-linux-x86_64 2.1.5 9.65 128.26 137.91 NOTE
r-release-linux-x86_64 2.1.5 8.73 129.37 138.10 NOTE
r-release-macos-arm64 2.1.5 48.00 NOTE
r-release-macos-x86_64 2.1.5 65.00 NOTE
r-release-windows-x86_64 2.1.5 29.00 176.00 205.00 NOTE
r-oldrel-macos-arm64 2.1.5 52.00 NOTE
r-oldrel-macos-x86_64 2.1.5 79.00 NOTE
r-oldrel-windows-ix86+x86_64 2.1.5 22.00 187.00 209.00 NOTE

Check Details

Version: 2.1.5
Check: LazyData
Result: NOTE
     'LazyData' is specified without a 'data' directory
Flavors: r-devel-linux-x86_64-debian-clang, r-devel-linux-x86_64-debian-gcc, r-devel-linux-x86_64-fedora-clang, r-devel-linux-x86_64-fedora-gcc, r-devel-windows-x86_64, r-patched-linux-x86_64, r-release-linux-x86_64, r-release-macos-arm64, r-release-macos-x86_64, r-release-windows-x86_64, r-oldrel-macos-arm64, r-oldrel-macos-x86_64, r-oldrel-windows-ix86+x86_64