CRAN Package Check Results for Package nptest

Last updated on 2024-02-22 07:52:17 CET.

Flavor Version Tinstall Tcheck Ttotal Status Flags
r-devel-linux-x86_64-debian-clang 1.1 NOTE
r-devel-linux-x86_64-debian-gcc 1.1 4.04 42.31 46.35 NOTE
r-devel-linux-x86_64-fedora-clang 1.1 74.28 OK
r-devel-linux-x86_64-fedora-gcc 1.1 72.18 OK
r-devel-windows-x86_64 1.1 4.00 58.00 62.00 OK
r-patched-linux-x86_64 1.1 4.49 55.48 59.97 OK
r-release-linux-x86_64 1.1 3.95 54.69 58.64 OK
r-release-macos-arm64 1.1 25.00 OK
r-release-macos-x86_64 1.1 47.00 OK
r-release-windows-x86_64 1.1 5.00 65.00 70.00 OK
r-oldrel-macos-arm64 1.1 24.00 OK
r-oldrel-windows-x86_64 1.1 7.00 72.00 79.00 OK

Check Details

Version: 1.1
Check: Rd files
Result: NOTE checkRd: (-1) np.reg.test.Rd:148: Lost braces 148 | ter Braak, C. J. F. (1992). Permutation versus bootstrap significance tests in multiple regression and ANOVA. In K. H. J\"{o}ckel, G. Rothe, & W. Sendler (Eds.), Bootstrapping and related techniques. lecture notes in economics and mathematical systems, vol 376 (pp. 79-86). Springer. | ^ checkRd: (-1) nptest-package.Rd:73: Lost braces 73 | ter Braak, C. J. F. (1992). Permutation versus bootstrap significance tests in multiple regression and ANOVA. In K. H. J\"{o}ckel, G. Rothe, & W. Sendler (Eds.), Bootstrapping and related techniques. lecture notes in economics and mathematical systems, vol 376 (pp. 79-86). Springer. | ^ Flavors: r-devel-linux-x86_64-debian-clang, r-devel-linux-x86_64-debian-gcc