CRAN Package Check Results for Package nsyllable

Last updated on 2021-09-16 01:49:41 CEST.

Flavor Version Tinstall Tcheck Ttotal Status Flags
r-devel-linux-x86_64-debian-clang 1.0 2.18 24.11 26.29 OK
r-devel-linux-x86_64-debian-gcc 1.0 1.98 19.52 21.50 OK
r-devel-linux-x86_64-fedora-clang 1.0 41.16 NOTE
r-devel-linux-x86_64-fedora-gcc 1.0 31.13 NOTE
r-devel-windows-x86_64 1.0 6.00 41.00 47.00 OK
r-devel-windows-x86_64-gcc10-UCRT 1.0 NOTE
r-patched-linux-x86_64 1.0 2.63 23.43 26.06 OK
r-patched-solaris-x86 1.0 50.70 NOTE
r-release-linux-x86_64 1.0 2.45 23.32 25.77 OK
r-release-macos-arm64 1.0 NOTE
r-release-macos-x86_64 1.0 NOTE
r-release-windows-ix86+x86_64 1.0 6.00 30.00 36.00 OK
r-oldrel-macos-x86_64 1.0 NOTE
r-oldrel-windows-ix86+x86_64 1.0 5.00 36.00 41.00 OK

Check Details

Version: 1.0
Check: data for non-ASCII characters
Result: NOTE
     Note: found 1 marked UTF-8 string
Flavors: r-devel-linux-x86_64-fedora-clang, r-devel-linux-x86_64-fedora-gcc, r-devel-windows-x86_64-gcc10-UCRT, r-patched-solaris-x86, r-release-macos-arm64, r-release-macos-x86_64, r-oldrel-macos-x86_64