CRAN Package Check Results for Package nycflights13

Last updated on 2020-06-01 01:51:04 CEST.

Flavor Version Tinstall Tcheck Ttotal Status Flags
r-devel-linux-x86_64-debian-clang 1.0.1 10.68 33.75 44.43 OK
r-devel-linux-x86_64-debian-gcc 1.0.1 10.80 27.06 37.86 OK
r-devel-linux-x86_64-fedora-clang 1.0.1 64.82 NOTE
r-devel-linux-x86_64-fedora-gcc 1.0.1 56.69 OK
r-devel-windows-ix86+x86_64 1.0.1 24.00 48.00 72.00 NOTE
r-patched-linux-x86_64 1.0.1 12.71 33.42 46.13 OK
r-patched-solaris-x86 1.0.1 87.90 NOTE
r-release-linux-x86_64 1.0.1 11.82 32.76 44.58 OK
r-release-osx-x86_64 1.0.1 NOTE
r-release-windows-ix86+x86_64 1.0.1 19.00 67.00 86.00 NOTE
r-oldrel-osx-x86_64 1.0.1 NOTE
r-oldrel-windows-ix86+x86_64 1.0.1 17.00 46.00 63.00 NOTE

Check Details

Version: 1.0.1
Check: installed package size
Result: NOTE
     installed size is 7.0Mb
     sub-directories of 1Mb or more:
     data 6.9Mb
Flavors: r-devel-linux-x86_64-fedora-clang, r-devel-windows-ix86+x86_64, r-patched-solaris-x86, r-release-osx-x86_64, r-release-windows-ix86+x86_64, r-oldrel-osx-x86_64, r-oldrel-windows-ix86+x86_64