Last updated on 2023-10-01 08:52:05 CEST.
Flavor | Version | Tinstall | Tcheck | Ttotal | Status | Flags |
---|---|---|---|---|---|---|
r-devel-linux-x86_64-debian-clang | 1.0.2 | 19.08 | 53.75 | 72.83 | OK | |
r-devel-linux-x86_64-debian-gcc | 1.0.2 | 20.72 | 43.50 | 64.22 | OK | |
r-devel-linux-x86_64-fedora-clang | 1.0.2 | 96.01 | OK | |||
r-devel-linux-x86_64-fedora-gcc | 1.0.2 | 92.48 | OK | |||
r-devel-windows-x86_64 | 1.0.2 | 18.00 | 60.00 | 78.00 | OK | |
r-patched-linux-x86_64 | 1.0.2 | 17.79 | 53.45 | 71.24 | OK | |
r-release-linux-x86_64 | 1.0.2 | 20.26 | 53.17 | 73.43 | OK | |
r-release-macos-arm64 | 1.0.2 | 46.00 | NOTE | |||
r-release-macos-x86_64 | 1.0.2 | 68.00 | NOTE | |||
r-release-windows-x86_64 | 1.0.2 | 23.00 | 71.00 | 94.00 | OK | |
r-oldrel-macos-arm64 | 1.0.2 | 46.00 | NOTE | |||
r-oldrel-macos-x86_64 | 1.0.2 | 51.00 | OK | |||
r-oldrel-windows-x86_64 | 1.0.2 | 25.00 | 77.00 | 102.00 | OK |
Version: 1.0.2
Check: installed package size
Result: NOTE
installed size is 5.1Mb
sub-directories of 1Mb or more:
data 5.0Mb
Flavors: r-release-macos-arm64, r-release-macos-x86_64, r-oldrel-macos-arm64