CRAN Package Check Results for Package oaqc

Last updated on 2022-05-18 01:49:58 CEST.

Flavor Version Tinstall Tcheck Ttotal Status Flags
r-devel-linux-x86_64-debian-clang 1.0 4.18 33.26 37.44 NOTE
r-devel-linux-x86_64-debian-gcc 1.0 3.88 26.07 29.95 NOTE
r-devel-linux-x86_64-fedora-clang 1.0 52.92 NOTE
r-devel-linux-x86_64-fedora-gcc 1.0 45.80 NOTE
r-devel-windows-x86_64 1.0 19.00 67.00 86.00 NOTE
r-patched-linux-x86_64 1.0 4.09 32.96 37.05 NOTE
r-release-linux-x86_64 1.0 3.38 32.22 35.60 NOTE
r-release-macos-arm64 1.0 18.00 NOTE
r-release-macos-x86_64 1.0 26.00 NOTE
r-release-windows-x86_64 1.0 17.00 67.00 84.00 NOTE
r-oldrel-macos-arm64 1.0 26.00 NOTE
r-oldrel-macos-x86_64 1.0 27.00 NOTE
r-oldrel-windows-ix86+x86_64 1.0 16.00 57.00 73.00 NOTE

Check Details

Version: 1.0
Check: LazyData
Result: NOTE
     'LazyData' is specified without a 'data' directory
Flavors: r-devel-linux-x86_64-debian-clang, r-devel-linux-x86_64-debian-gcc, r-devel-linux-x86_64-fedora-clang, r-devel-linux-x86_64-fedora-gcc, r-devel-windows-x86_64, r-patched-linux-x86_64, r-release-linux-x86_64, r-release-macos-arm64, r-release-macos-x86_64, r-release-windows-x86_64, r-oldrel-macos-arm64, r-oldrel-macos-x86_64, r-oldrel-windows-ix86+x86_64