CRAN Package Check Results for Package oce

Last updated on 2020-02-27 00:52:35 CET.

Flavor Version Tinstall Tcheck Ttotal Status Flags
r-devel-linux-x86_64-debian-clang 1.2-0 251.22 487.11 738.33 OK
r-devel-linux-x86_64-debian-gcc 1.2-0 OK
r-devel-linux-x86_64-fedora-clang 1.2-0 906.40 NOTE
r-devel-linux-x86_64-fedora-gcc 1.2-0 846.44 NOTE
r-devel-windows-ix86+x86_64 1.1-1 400.00 760.00 1160.00 NOTE
r-devel-windows-ix86+x86_64-gcc8 1.2-0 424.00 722.00 1146.00 NOTE
r-patched-linux-x86_64 1.2-0 183.23 431.90 615.13 OK
r-patched-solaris-x86 1.2-0 920.90 NOTE
r-release-linux-x86_64 1.2-0 181.38 437.82 619.20 OK
r-release-windows-ix86+x86_64 1.2-0 382.00 632.00 1014.00 NOTE
r-release-osx-x86_64 1.2-0 NOTE
r-oldrel-windows-ix86+x86_64 1.2-0 316.00 546.00 862.00 NOTE
r-oldrel-osx-x86_64 1.2-0 NOTE

Check Details

Version: 1.2-0
Check: installed package size
Result: NOTE
     installed size is 12.6Mb
     sub-directories of 1Mb or more:
     R 2.4Mb
     doc 2.3Mb
     help 2.7Mb
     libs 3.5Mb
Flavors: r-devel-linux-x86_64-fedora-clang, r-devel-windows-ix86+x86_64-gcc8, r-patched-solaris-x86, r-release-windows-ix86+x86_64, r-release-osx-x86_64, r-oldrel-windows-ix86+x86_64, r-oldrel-osx-x86_64

Version: 1.2-0
Check: data for non-ASCII characters
Result: NOTE
     Note: found 1 marked UTF-8 string
Flavors: r-devel-linux-x86_64-fedora-clang, r-devel-linux-x86_64-fedora-gcc, r-patched-solaris-x86, r-release-osx-x86_64, r-oldrel-osx-x86_64

Version: 1.1-1
Check: installed package size
Result: NOTE
     installed size is 10.9Mb
     sub-directories of 1Mb or more:
     R 2.3Mb
     doc 2.6Mb
     help 2.5Mb
     libs 2.0Mb
Flavor: r-devel-windows-ix86+x86_64