CRAN Package Check Results for Package oce

Last updated on 2020-06-02 01:55:37 CEST.

Flavor Version Tinstall Tcheck Ttotal Status Flags
r-devel-linux-x86_64-debian-clang 1.2-0 255.92 509.13 765.05 OK
r-devel-linux-x86_64-debian-gcc 1.2-0 186.93 385.63 572.56 OK
r-devel-linux-x86_64-fedora-clang 1.2-0 954.23 NOTE
r-devel-linux-x86_64-fedora-gcc 1.2-0 879.80 NOTE
r-devel-windows-ix86+x86_64 1.2-0 592.00 931.00 1523.00 NOTE
r-patched-linux-x86_64 1.2-0 189.03 501.45 690.48 OK
r-patched-solaris-x86 1.2-0 928.20 NOTE
r-release-linux-x86_64 1.2-0 196.64 502.00 698.64 OK
r-release-osx-x86_64 1.2-0 NOTE
r-release-windows-ix86+x86_64 1.2-0 434.00 718.00 1152.00 NOTE
r-oldrel-osx-x86_64 1.2-0 NOTE
r-oldrel-windows-ix86+x86_64 1.2-0 459.00 715.00 1174.00 NOTE

Check Details

Version: 1.2-0
Check: installed package size
Result: NOTE
     installed size is 13.1Mb
     sub-directories of 1Mb or more:
     R 2.4Mb
     doc 2.3Mb
     help 2.7Mb
     libs 4.0Mb
Flavors: r-devel-linux-x86_64-fedora-clang, r-devel-windows-ix86+x86_64, r-patched-solaris-x86, r-release-osx-x86_64, r-release-windows-ix86+x86_64, r-oldrel-osx-x86_64, r-oldrel-windows-ix86+x86_64

Version: 1.2-0
Check: data for non-ASCII characters
Result: NOTE
     Note: found 1 marked UTF-8 string
Flavors: r-devel-linux-x86_64-fedora-clang, r-devel-linux-x86_64-fedora-gcc, r-patched-solaris-x86, r-release-osx-x86_64, r-oldrel-osx-x86_64