CRAN Package Check Results for Package odbc

Last updated on 2020-07-05 01:49:23 CEST.

Flavor Version Tinstall Tcheck Ttotal Status Flags
r-devel-linux-x86_64-debian-clang 1.2.3 91.01 46.65 137.66 OK
r-devel-linux-x86_64-debian-gcc 1.2.3 63.80 36.62 100.42 OK
r-devel-linux-x86_64-fedora-clang 1.2.3 190.06 NOTE
r-devel-linux-x86_64-fedora-gcc 1.2.3 174.33 OK
r-devel-windows-ix86+x86_64 1.2.3 227.00 90.00 317.00 OK
r-patched-linux-x86_64 1.2.3 73.81 46.55 120.36 OK
r-patched-solaris-x86 1.2.3 162.10 OK
r-release-linux-x86_64 1.2.3 69.52 46.80 116.32 OK
r-release-osx-x86_64 1.2.3 NOTE
r-release-windows-ix86+x86_64 1.2.3 156.00 93.00 249.00 OK
r-oldrel-osx-x86_64 1.2.3 NOTE
r-oldrel-windows-ix86+x86_64 1.2.3 32.00 7.00 39.00 ERROR

Check Details

Version: 1.2.3
Check: installed package size
Result: NOTE
     installed size is 7.5Mb
     sub-directories of 1Mb or more:
     libs 7.1Mb
Flavors: r-devel-linux-x86_64-fedora-clang, r-release-osx-x86_64, r-oldrel-osx-x86_64

Version: 1.2.3
Check: whether package can be installed
Result: ERROR
    Installation failed.
Flavor: r-oldrel-windows-ix86+x86_64