CRAN Package Check Results for Package odbc

Last updated on 2022-01-19 01:47:41 CET.

Flavor Version Tinstall Tcheck Ttotal Status Flags
r-devel-linux-x86_64-debian-clang 1.3.3 84.01 58.45 142.46 OK
r-devel-linux-x86_64-debian-gcc 1.3.3 63.39 45.71 109.10 OK
r-devel-linux-x86_64-fedora-clang 1.3.3 203.07 NOTE
r-devel-linux-x86_64-fedora-gcc 1.3.3 189.87 OK
r-devel-windows-x86_64-new-UL 1.3.3 164.00 103.00 267.00 OK
r-devel-windows-x86_64-new-TK 1.3.3 OK
r-patched-linux-x86_64 1.3.3 81.44 57.30 138.74 OK
r-release-linux-x86_64 1.3.3 OK
r-release-macos-arm64 1.3.3 NOTE
r-release-macos-x86_64 1.3.3 NOTE
r-release-windows-ix86+x86_64 1.3.3 214.00 110.00 324.00 OK
r-oldrel-macos-x86_64 1.3.3 NOTE
r-oldrel-windows-ix86+x86_64 1.3.3 216.00 113.00 329.00 OK

Check Details

Version: 1.3.3
Check: installed package size
Result: NOTE
     installed size is 6.0Mb
     sub-directories of 1Mb or more:
     libs 5.5Mb
Flavors: r-devel-linux-x86_64-fedora-clang, r-release-macos-arm64, r-release-macos-x86_64, r-oldrel-macos-x86_64