CRAN Package Check Results for Package oddstream

Last updated on 2021-10-22 01:55:13 CEST.

Flavor Version Tinstall Tcheck Ttotal Status Flags
r-devel-linux-x86_64-debian-clang 0.5.0 14.90 111.53 126.43 OK
r-devel-linux-x86_64-debian-gcc 0.5.0 12.86 84.79 97.65 OK
r-devel-linux-x86_64-fedora-clang 0.5.0 157.92 NOTE
r-devel-linux-x86_64-fedora-gcc 0.5.0 147.56 NOTE
r-devel-windows-x86_64 0.5.0 22.00 141.00 163.00 OK
r-devel-windows-x86_64-gcc10-UCRT 0.5.0 NOTE
r-patched-linux-x86_64 0.5.0 14.38 106.12 120.50 OK
r-patched-solaris-x86 0.5.0 212.00 NOTE
r-release-linux-x86_64 0.5.0 13.53 106.78 120.31 OK
r-release-macos-arm64 0.5.0 NOTE
r-release-macos-x86_64 0.5.0 NOTE
r-release-windows-ix86+x86_64 0.5.0 38.00 136.00 174.00 OK
r-oldrel-macos-x86_64 0.5.0 NOTE
r-oldrel-windows-ix86+x86_64 0.5.0 32.00 139.00 171.00 OK

Check Details

Version: 0.5.0
Check: dependencies in R code
Result: NOTE
    Namespaces in Imports field not imported from:
     ‘RColorBrewer’ ‘graphics’
     All declared Imports should be used.
Flavors: r-devel-linux-x86_64-fedora-clang, r-devel-linux-x86_64-fedora-gcc, r-devel-windows-x86_64-gcc10-UCRT, r-patched-solaris-x86, r-release-macos-arm64, r-release-macos-x86_64, r-oldrel-macos-x86_64