CRAN Package Check Results for Package officer

Last updated on 2020-06-05 01:50:09 CEST.

Flavor Version Tinstall Tcheck Ttotal Status Flags
r-devel-linux-x86_64-debian-clang 0.3.11 18.01 86.19 104.20 OK
r-devel-linux-x86_64-debian-gcc 0.3.11 15.01 65.98 80.99 OK
r-devel-linux-x86_64-fedora-clang 0.3.11 132.38 OK
r-devel-linux-x86_64-fedora-gcc 0.3.11 125.74 OK
r-devel-windows-ix86+x86_64 0.3.11 37.00 167.00 204.00 OK
r-patched-linux-x86_64 0.3.11 18.69 85.26 103.95 OK
r-patched-solaris-x86 0.3.11 164.00 NOTE
r-release-linux-x86_64 0.3.11 18.92 86.35 105.27 OK
r-release-osx-x86_64 0.3.11 NOTE
r-release-windows-ix86+x86_64 0.3.11 26.00 114.00 140.00 OK
r-oldrel-osx-x86_64 0.3.11 OK
r-oldrel-windows-ix86+x86_64 0.3.11 34.00 128.00 162.00 OK

Check Details

Version: 0.3.11
Check: package dependencies
Result: NOTE
    Package suggested but not available for checking: ‘rsvg’
Flavors: r-patched-solaris-x86, r-release-osx-x86_64