CRAN Package Check Results for Package officer

Last updated on 2021-01-17 00:48:20 CET.

Flavor Version Tinstall Tcheck Ttotal Status Flags
r-devel-linux-x86_64-debian-clang 0.3.16 19.10 97.08 116.18 OK
r-devel-linux-x86_64-debian-gcc 0.3.16 15.03 73.76 88.79 OK
r-devel-linux-x86_64-fedora-clang 0.3.16 147.21 OK
r-devel-linux-x86_64-fedora-gcc 0.3.16 140.20 OK
r-devel-windows-ix86+x86_64 0.3.16 26.00 114.00 140.00 OK
r-patched-linux-x86_64 0.3.16 17.56 92.08 109.64 OK
r-patched-solaris-x86 0.3.16 175.50 NOTE
r-release-linux-x86_64 0.3.16 16.40 92.37 108.77 OK
r-release-macos-x86_64 0.3.16 OK
r-release-windows-ix86+x86_64 0.3.16 33.00 103.00 136.00 OK
r-oldrel-macos-x86_64 0.3.16 OK
r-oldrel-windows-ix86+x86_64 0.3.16 27.00 96.00 123.00 OK

Check Details

Version: 0.3.16
Check: package dependencies
Result: NOTE
    Package suggested but not available for checking: ‘rsvg’
Flavor: r-patched-solaris-x86