CRAN Package Check Results for Package ohenery

Last updated on 2020-07-15 02:46:58 CEST.

Flavor Version Tinstall Tcheck Ttotal Status Flags
r-devel-linux-x86_64-debian-clang 0.1.1 36.49 67.71 104.20 OK
r-devel-linux-x86_64-debian-gcc 0.1.1 26.69 50.79 77.48 OK
r-devel-linux-x86_64-fedora-clang 0.1.1 139.80 OK
r-devel-linux-x86_64-fedora-gcc 0.1.1 130.41 OK
r-devel-windows-ix86+x86_64 0.1.1 109.00 168.00 277.00 OK
r-patched-linux-x86_64 0.1.1 28.00 64.65 92.65 OK
r-patched-solaris-x86 0.1.1 153.60 OK
r-release-linux-x86_64 0.1.1 28.48 66.30 94.78 OK
r-release-macos-x86_64 0.1.1 ERROR
r-release-windows-ix86+x86_64 0.1.1 102.00 129.00 231.00 OK
r-oldrel-macos-x86_64 0.1.1 OK
r-oldrel-windows-ix86+x86_64 0.1.1 92.00 176.00 268.00 OK

Check Details

Version: 0.1.1
Check: whether package can be installed
Result: ERROR
    Installation failed.
Flavor: r-release-macos-x86_64