Last updated on 2022-08-19 02:53:35 CEST.
Flavor | Version | Tinstall | Tcheck | Ttotal | Status | Flags |
---|---|---|---|---|---|---|
r-devel-linux-x86_64-debian-clang | 1.0.2.1 | 2.02 | 35.35 | 37.37 | NOTE | |
r-devel-linux-x86_64-debian-gcc | 1.0.2.1 | 2.28 | 26.95 | 29.23 | NOTE | |
r-devel-linux-x86_64-fedora-clang | 1.0.2.1 | 55.79 | NOTE | |||
r-devel-linux-x86_64-fedora-gcc | 1.0.2.1 | 55.51 | NOTE | |||
r-devel-windows-x86_64 | 1.0.2.1 | 11.00 | 60.00 | 71.00 | NOTE | |
r-patched-linux-x86_64 | 1.0.2.1 | 3.04 | 33.39 | 36.43 | NOTE | |
r-release-linux-x86_64 | 1.0.2.1 | NOTE | ||||
r-release-macos-arm64 | 1.0.2.1 | 18.00 | NOTE | |||
r-release-macos-x86_64 | 1.0.2.1 | 32.00 | NOTE | |||
r-release-windows-x86_64 | 1.0.2.1 | 11.00 | 61.00 | 72.00 | NOTE | |
r-oldrel-macos-arm64 | 1.0.2.1 | 28.00 | NOTE | |||
r-oldrel-macos-x86_64 | 1.0.2.1 | 25.00 | NOTE | |||
r-oldrel-windows-ix86+x86_64 | 1.0.2.1 | 8.00 | 57.00 | 65.00 | NOTE |
Version: 1.0.2.1
Check: LazyData
Result: NOTE
'LazyData' is specified without a 'data' directory
Flavors: r-devel-linux-x86_64-debian-clang, r-devel-linux-x86_64-debian-gcc, r-devel-linux-x86_64-fedora-clang, r-devel-linux-x86_64-fedora-gcc, r-devel-windows-x86_64, r-patched-linux-x86_64, r-release-linux-x86_64, r-release-macos-arm64, r-release-macos-x86_64, r-release-windows-x86_64, r-oldrel-macos-arm64, r-oldrel-macos-x86_64, r-oldrel-windows-ix86+x86_64