CRAN Package Check Results for Package ompr

Last updated on 2020-07-14 02:07:02 CEST.

Flavor Version Tinstall Tcheck Ttotal Status Flags
r-devel-linux-x86_64-debian-clang 0.8.0 30.23 63.14 93.37 OK
r-devel-linux-x86_64-debian-gcc 0.8.0 23.10 57.61 80.71 OK
r-devel-linux-x86_64-fedora-clang 0.8.0 120.79 OK
r-devel-linux-x86_64-fedora-gcc 0.8.0 107.16 OK
r-devel-windows-ix86+x86_64 0.8.0 61.00 136.00 197.00 OK
r-patched-linux-x86_64 0.8.0 24.79 60.35 85.14 OK
r-patched-solaris-x86 0.8.0 121.20 OK
r-release-linux-x86_64 0.8.0 23.12 62.27 85.39 OK
r-release-macos-x86_64 0.8.0 ERROR
r-release-windows-ix86+x86_64 0.8.0 85.00 98.00 183.00 OK
r-oldrel-macos-x86_64 0.8.0 OK
r-oldrel-windows-ix86+x86_64 0.8.0 75.00 132.00 207.00 OK

Check Details

Version: 0.8.0
Check: whether package can be installed
Result: ERROR
    Installation failed.
Flavor: r-release-macos-x86_64