CRAN Package Check Results for Package omu

Last updated on 2020-01-17 00:49:31 CET.

Flavor Version Tinstall Tcheck Ttotal Status Flags
r-devel-linux-x86_64-debian-clang 1.0.2 16.37 172.68 189.05 NOTE
r-devel-linux-x86_64-debian-gcc 1.0.2 13.92 130.31 144.23 NOTE
r-devel-linux-x86_64-fedora-clang 1.0.2 236.97 OK
r-devel-linux-x86_64-fedora-gcc 1.0.2 234.51 OK
r-devel-windows-ix86+x86_64 1.0.2 48.00 275.00 323.00 NOTE
r-devel-windows-ix86+x86_64-gcc8 1.0.2 35.00 274.00 309.00 NOTE
r-patched-linux-x86_64 1.0.2 14.46 148.50 162.96 OK
r-patched-solaris-x86 1.0.2 288.20 OK
r-release-linux-x86_64 1.0.2 14.92 148.49 163.41 OK
r-release-windows-ix86+x86_64 1.0.2 46.00 190.00 236.00 OK
r-release-osx-x86_64 1.0.2 OK
r-oldrel-windows-ix86+x86_64 1.0.2 28.00 170.00 198.00 OK
r-oldrel-osx-x86_64 1.0.2 OK

Check Details

Version: 1.0.2
Check: package vignettes
Result: NOTE
    Package vignette with placeholder title 'Vignette Title':
     'Omu_vignette.Rmd'
Flavors: r-devel-linux-x86_64-debian-clang, r-devel-linux-x86_64-debian-gcc, r-devel-windows-ix86+x86_64, r-devel-windows-ix86+x86_64-gcc8