CRAN Package Check Results for Package omu

Last updated on 2020-08-08 02:03:10 CEST.

Flavor Version Tinstall Tcheck Ttotal Status Flags
r-devel-linux-x86_64-debian-clang 1.0.4 16.65 197.98 214.63 OK
r-devel-linux-x86_64-debian-gcc 1.0.4 15.27 144.48 159.75 OK
r-devel-linux-x86_64-fedora-clang 1.0.4 253.74 OK
r-devel-linux-x86_64-fedora-gcc 1.0.4 244.43 OK
r-devel-windows-ix86+x86_64 1.0.4 53.00 271.00 324.00 OK
r-patched-linux-x86_64 1.0.4 16.16 186.55 202.71 OK
r-patched-solaris-x86 1.0.4 342.30 OK
r-release-linux-x86_64 1.0.4 16.72 188.78 205.50 OK
r-release-macos-x86_64 1.0.4 ERROR
r-release-windows-ix86+x86_64 1.0.4 55.00 196.00 251.00 OK
r-oldrel-macos-x86_64 1.0.4 OK
r-oldrel-windows-ix86+x86_64 1.0.4 29.00 198.00 227.00 OK

Check Details

Version: 1.0.4
Check: package dependencies
Result: ERROR
    Package required but not available: ‘KEGGREST’
    
    See section ‘The DESCRIPTION file’ in the ‘Writing R Extensions’
    manual.
Flavor: r-release-macos-x86_64