CRAN Package Check Results for Package onc.api

Last updated on 2022-06-30 01:49:14 CEST.

Flavor Version Tinstall Tcheck Ttotal Status Flags
r-devel-linux-x86_64-debian-clang 2.0.1.0 5.45 33.96 39.41 OK
r-devel-linux-x86_64-debian-gcc 2.0.1.0 3.68 25.69 29.37 OK
r-devel-linux-x86_64-fedora-clang 2.0.1.0 56.22 NOTE
r-devel-linux-x86_64-fedora-gcc 2.0.1.0 55.44 NOTE
r-devel-windows-x86_64 2.0.1.0 45.00 60.00 105.00 OK
r-patched-linux-x86_64 2.0.1.0 4.16 31.89 36.05 OK
r-release-linux-x86_64 2.0.1.0 3.06 32.07 35.13 OK
r-release-macos-arm64 2.0.1.0 17.00 NOTE
r-release-macos-x86_64 2.0.1.0 29.00 NOTE
r-release-windows-x86_64 2.0.1.0 43.00 59.00 102.00 OK
r-oldrel-macos-arm64 2.0.1.0 25.00 NOTE
r-oldrel-macos-x86_64 2.0.1.0 31.00 NOTE
r-oldrel-windows-ix86+x86_64 2.0.1.0 12.00 52.00 64.00 OK

Check Details

Version: 2.0.1.0
Check: dependencies in R code
Result: NOTE
    Namespaces in Imports field not imported from:
     ‘crayon’ ‘testthat’
     All declared Imports should be used.
Flavors: r-devel-linux-x86_64-fedora-clang, r-devel-linux-x86_64-fedora-gcc, r-release-macos-arm64, r-release-macos-x86_64, r-oldrel-macos-arm64, r-oldrel-macos-x86_64