CRAN Package Check Results for Package oolong

Last updated on 2021-04-20 01:47:13 CEST.

Flavor Version Tinstall Tcheck Ttotal Status Flags
r-devel-linux-x86_64-debian-clang 0.3.11 19.15 278.72 297.87 OK
r-devel-linux-x86_64-debian-gcc 0.3.11 12.90 197.39 210.29 OK
r-devel-linux-x86_64-fedora-clang 0.3.11 344.38 NOTE
r-devel-linux-x86_64-fedora-gcc 0.3.11 315.69 NOTE
r-devel-windows-ix86+x86_64 0.3.11 25.00 221.00 246.00 OK
r-devel-windows-x86_64-gcc10-UCRT 0.3.11 NOTE
r-patched-linux-x86_64 0.3.11 15.68 245.15 260.83 OK
r-patched-solaris-x86 0.3.11 468.50 NOTE
r-release-linux-x86_64 0.3.11 18.12 248.87 266.99 OK
r-release-macos-x86_64 0.3.11 NOTE
r-release-windows-ix86+x86_64 0.3.11 34.00 231.00 265.00 OK
r-oldrel-macos-x86_64 0.3.11 NOTE
r-oldrel-windows-ix86+x86_64 0.3.11 21.00 274.00 295.00 OK

Check Details

Version: 0.3.11
Check: dependencies in R code
Result: NOTE
    Namespaces in Imports field not imported from:
     ‘R6’ ‘digest’ ‘dplyr’ ‘miniUI’ ‘text2vec’
     All declared Imports should be used.
Flavors: r-devel-linux-x86_64-fedora-clang, r-devel-linux-x86_64-fedora-gcc, r-devel-windows-x86_64-gcc10-UCRT, r-patched-solaris-x86, r-release-macos-x86_64, r-oldrel-macos-x86_64