Last updated on 2023-03-31 07:53:33 CEST.
Flavor | Version | Tinstall | Tcheck | Ttotal | Status | Flags |
---|---|---|---|---|---|---|
r-devel-linux-x86_64-debian-clang | 2.2.5 | 190.06 | 537.72 | 727.78 | NOTE | |
r-devel-linux-x86_64-debian-gcc | 2.2.5 | 144.34 | 402.06 | 546.40 | NOTE | |
r-devel-linux-x86_64-fedora-clang | 2.2.5 | 933.21 | NOTE | |||
r-devel-linux-x86_64-fedora-gcc | 2.2.5 | 874.55 | NOTE | |||
r-devel-windows-x86_64 | 2.2.5 | 197.00 | 0.00 | 197.00 | NOTE | |
r-patched-linux-x86_64 | 2.2.5 | 160.25 | 515.71 | 675.96 | NOTE | |
r-release-linux-x86_64 | 2.2.5 | 151.46 | 490.59 | 642.05 | NOTE | |
r-release-macos-arm64 | 2.2.5 | 211.00 | NOTE | |||
r-release-macos-x86_64 | 2.2.5 | 257.00 | NOTE | |||
r-release-windows-x86_64 | 2.2.5 | 182.00 | 537.00 | 719.00 | NOTE | |
r-oldrel-macos-arm64 | 2.2.5 | 194.00 | NOTE | |||
r-oldrel-macos-x86_64 | 2.2.5 | 248.00 | NOTE | |||
r-oldrel-windows-ix86+x86_64 | 2.2.5 | 429.00 | 705.00 | 1134.00 | NOTE |
Version: 2.2.5
Check: C++ specification
Result: NOTE
Specified C++11: please drop specification unless essential
Flavors: r-devel-linux-x86_64-debian-clang, r-devel-linux-x86_64-debian-gcc, r-devel-linux-x86_64-fedora-clang, r-devel-linux-x86_64-fedora-gcc, r-devel-windows-x86_64, r-patched-linux-x86_64
Version: 2.2.5
Check: for GNU extensions in Makefiles
Result: NOTE
GNU make is a SystemRequirements.
Flavors: r-devel-linux-x86_64-debian-clang, r-devel-linux-x86_64-debian-gcc, r-devel-linux-x86_64-fedora-clang, r-devel-linux-x86_64-fedora-gcc, r-devel-windows-x86_64, r-patched-linux-x86_64, r-release-linux-x86_64, r-release-macos-arm64, r-release-macos-x86_64, r-release-windows-x86_64, r-oldrel-macos-arm64, r-oldrel-macos-x86_64, r-oldrel-windows-ix86+x86_64
Version: 2.2.5
Check: installed package size
Result: NOTE
installed size is 6.4Mb
sub-directories of 1Mb or more:
exampledata 1.5Mb
libs 3.6Mb
Flavors: r-release-macos-arm64, r-release-macos-x86_64, r-oldrel-macos-arm64, r-oldrel-macos-x86_64, r-oldrel-windows-ix86+x86_64