CRAN Package Check Results for Package opencage

Last updated on 2020-07-06 01:54:11 CEST.

Flavor Version Tinstall Tcheck Ttotal Status Flags
r-devel-linux-x86_64-debian-clang 0.1.4 2.44 23.50 25.94 NOTE
r-devel-linux-x86_64-debian-gcc 0.1.4 1.80 18.86 20.66 NOTE
r-devel-linux-x86_64-fedora-clang 0.1.4 41.21 OK
r-devel-linux-x86_64-fedora-gcc 0.1.4 31.19 OK
r-devel-windows-ix86+x86_64 0.1.4 11.00 38.00 49.00 NOTE
r-patched-linux-x86_64 0.1.4 2.30 23.65 25.95 NOTE
r-patched-solaris-x86 0.1.4 49.70 OK
r-release-linux-x86_64 0.1.4 2.32 23.70 26.02 NOTE
r-release-osx-x86_64 0.1.4 OK
r-release-windows-ix86+x86_64 0.1.4 7.00 34.00 41.00 NOTE
r-oldrel-osx-x86_64 0.1.4 OK
r-oldrel-windows-ix86+x86_64 0.1.4 18.00 69.00 87.00 OK

Check Details

Version: 0.1.4
Check: package vignettes
Result: NOTE
    Package vignette with placeholder title 'Vignette Title':
     'opencage.Rmd'
Flavors: r-devel-linux-x86_64-debian-clang, r-devel-linux-x86_64-debian-gcc, r-devel-windows-ix86+x86_64, r-patched-linux-x86_64, r-release-linux-x86_64, r-release-windows-ix86+x86_64