CRAN Package Check Results for Package opencpu

Last updated on 2021-11-28 00:48:54 CET.

Flavor Version Tinstall Tcheck Ttotal Status Flags
r-devel-linux-x86_64-debian-clang 2.2.5 OK
r-devel-linux-x86_64-debian-gcc 2.2.5 4.32 31.97 36.29 OK
r-devel-linux-x86_64-fedora-clang 2.2.5 67.06 NOTE
r-devel-linux-x86_64-fedora-gcc 2.2.5 55.63 NOTE
r-devel-windows-x86_64-new-UL 2.2.5 15.00 78.00 93.00 NOTE
r-devel-windows-x86_64-new-TK 2.2.5 NOTE
r-devel-windows-x86_64-old 2.2.5 7.00 57.00 64.00 NOTE
r-patched-linux-x86_64 2.2.5 7.71 39.48 47.19 OK
r-patched-solaris-x86 2.2.5 79.60 NOTE
r-release-linux-x86_64 2.2.5 OK
r-release-macos-arm64 2.2.5 NOTE
r-release-macos-x86_64 2.2.5 NOTE
r-release-windows-ix86+x86_64 2.2.5 11.00 42.00 53.00 NOTE
r-oldrel-macos-x86_64 2.2.5 NOTE
r-oldrel-windows-ix86+x86_64 2.2.5 7.00 54.00 61.00 NOTE

Check Details

Version: 2.2.5
Check: data for non-ASCII characters
Result: NOTE
     Note: found 4 marked UTF-8 strings
Flavors: r-devel-linux-x86_64-fedora-clang, r-devel-linux-x86_64-fedora-gcc, r-devel-windows-x86_64-new-TK, r-patched-solaris-x86, r-release-macos-arm64, r-release-macos-x86_64, r-oldrel-macos-x86_64

Version: 2.2.5
Check: package dependencies
Result: NOTE
    Package suggested but not available for checking: 'unix'
Flavors: r-devel-windows-x86_64-new-UL, r-devel-windows-x86_64-new-TK, r-devel-windows-x86_64-old, r-release-windows-ix86+x86_64, r-oldrel-windows-ix86+x86_64