CRAN Package Check Results for Package opencv

Last updated on 2019-12-06 00:50:03 CET.

Flavor Version Tinstall Tcheck Ttotal Status Flags
r-devel-linux-x86_64-debian-clang 0.1 80.02 68.84 148.86 OK
r-devel-linux-x86_64-debian-gcc 0.1 54.33 30.45 84.78 OK
r-devel-linux-x86_64-fedora-gcc 0.1 172.83 OK
r-devel-windows-ix86+x86_64 0.1 243.00 141.00 384.00 NOTE
r-devel-windows-ix86+x86_64-gcc8 0.1 242.00 122.00 364.00 NOTE
r-patched-linux-x86_64 0.1 64.96 66.97 131.93 OK
r-release-linux-x86_64 0.1 65.69 66.70 132.39 OK
r-release-windows-ix86+x86_64 0.1 288.00 98.00 386.00 NOTE
r-release-osx-x86_64 0.1 NOTE
r-oldrel-windows-ix86+x86_64 0.1 228.00 99.00 327.00 NOTE
r-oldrel-osx-x86_64 0.1 NOTE

Check Details

Version: 0.1
Check: installed package size
Result: NOTE
     installed size is 29.8Mb
     sub-directories of 1Mb or more:
     libs 20.0Mb
     share 9.7Mb
Flavors: r-devel-windows-ix86+x86_64, r-devel-windows-ix86+x86_64-gcc8, r-release-windows-ix86+x86_64, r-release-osx-x86_64, r-oldrel-windows-ix86+x86_64, r-oldrel-osx-x86_64