CRAN Package Check Results for Package opencv

Last updated on 2020-07-03 01:49:09 CEST.

Flavor Version Tinstall Tcheck Ttotal Status Flags
r-devel-linux-x86_64-debian-clang 0.1 83.91 70.32 154.23 OK
r-devel-linux-x86_64-debian-gcc 0.1 63.32 30.90 94.22 OK
r-devel-linux-x86_64-fedora-gcc 0.1 211.56 OK
r-devel-windows-ix86+x86_64 0.1 250.00 104.00 354.00 NOTE
r-patched-linux-x86_64 0.1 65.31 40.83 106.14 OK
r-release-linux-x86_64 0.1 63.43 40.84 104.27 OK
r-release-osx-x86_64 0.1 NOTE
r-release-windows-ix86+x86_64 0.1 228.00 99.00 327.00 NOTE
r-oldrel-osx-x86_64 0.1 NOTE
r-oldrel-windows-ix86+x86_64 0.1 247.00 129.00 376.00 NOTE

Check Details

Version: 0.1
Check: installed package size
Result: NOTE
     installed size is 29.6Mb
     sub-directories of 1Mb or more:
     libs 19.8Mb
     share 9.7Mb
Flavors: r-devel-windows-ix86+x86_64, r-release-osx-x86_64, r-release-windows-ix86+x86_64, r-oldrel-osx-x86_64, r-oldrel-windows-ix86+x86_64