Last updated on 2021-03-03 01:48:51 CET.
Flavor | Version | Tinstall | Tcheck | Ttotal | Status | Flags |
---|---|---|---|---|---|---|
r-devel-linux-x86_64-debian-clang | 2.0.0 | OK | ||||
r-devel-linux-x86_64-debian-gcc | 2.0.0 | 13.95 | 92.60 | 106.55 | OK | |
r-devel-linux-x86_64-fedora-clang | 2.0.0 | 171.19 | NOTE | |||
r-devel-linux-x86_64-fedora-gcc | 2.0.0 | 163.47 | NOTE | |||
r-devel-windows-ix86+x86_64 | 2.0.0 | 33.00 | 231.00 | 264.00 | NOTE | |
r-patched-linux-x86_64 | 2.0.0 | 17.96 | 117.09 | 135.05 | OK | |
r-patched-solaris-x86 | 2.0.0 | 226.00 | NOTE | |||
r-release-linux-x86_64 | 2.0.0 | 17.32 | 117.94 | 135.26 | OK | |
r-release-macos-x86_64 | 2.0.0 | NOTE | ||||
r-release-windows-ix86+x86_64 | 2.0.0 | 26.00 | 154.00 | 180.00 | NOTE | |
r-oldrel-macos-x86_64 | 2.0.0 | NOTE | ||||
r-oldrel-windows-ix86+x86_64 | 2.0.0 | 31.00 | 204.00 | 235.00 | NOTE |
Version: 2.0.0
Check: installed package size
Result: NOTE
installed size is 6.1Mb
sub-directories of 1Mb or more:
data 5.2Mb
Flavors: r-devel-linux-x86_64-fedora-clang, r-devel-windows-ix86+x86_64, r-patched-solaris-x86, r-release-macos-x86_64, r-release-windows-ix86+x86_64, r-oldrel-macos-x86_64, r-oldrel-windows-ix86+x86_64
Version: 2.0.0
Check: data for non-ASCII characters
Result: NOTE
Note: found 2518 marked UTF-8 strings
Flavors: r-devel-linux-x86_64-fedora-clang, r-devel-linux-x86_64-fedora-gcc, r-patched-solaris-x86, r-release-macos-x86_64, r-oldrel-macos-x86_64