Last updated on 2023-12-06 07:50:23 CET.
Flavor | Version | Tinstall | Tcheck | Ttotal | Status | Flags |
---|---|---|---|---|---|---|
r-devel-linux-x86_64-debian-clang | 0.6.0 | 2.94 | 581.52 | 584.46 | NOTE | |
r-devel-linux-x86_64-debian-gcc | 0.6.0 | 2.89 | 426.06 | 428.95 | NOTE | |
r-devel-linux-x86_64-fedora-clang | 0.6.0 | 750.13 | NOTE | |||
r-devel-linux-x86_64-fedora-gcc | 0.6.0 | 771.59 | NOTE | |||
r-devel-windows-x86_64 | 0.6.0 | 4.00 | 423.00 | 427.00 | OK | |
r-patched-linux-x86_64 | 0.6.0 | 9.18 | 549.71 | 558.89 | NOTE | |
r-release-linux-x86_64 | 0.6.0 | 2.17 | 548.39 | 550.56 | NOTE | |
r-release-macos-arm64 | 0.6.0 | 192.00 | OK | |||
r-release-macos-x86_64 | 0.6.0 | 302.00 | OK | |||
r-release-windows-x86_64 | 0.6.0 | 6.00 | 541.00 | 547.00 | OK | |
r-oldrel-macos-arm64 | 0.6.0 | 162.00 | OK | |||
r-oldrel-macos-x86_64 | 0.6.0 | 248.00 | OK | |||
r-oldrel-windows-x86_64 | 0.6.0 | 5.00 | 551.00 | 556.00 | OK |
Version: 0.6.0
Check: package dependencies
Result: NOTE
Packages suggested but not available for checking: 'maptools', 'rgeos'
Flavors: r-devel-linux-x86_64-debian-clang, r-devel-linux-x86_64-debian-gcc, r-devel-linux-x86_64-fedora-clang, r-devel-linux-x86_64-fedora-gcc, r-patched-linux-x86_64, r-release-linux-x86_64