CRAN Package Check Results for Package openssl

Last updated on 2022-12-06 00:51:16 CET.

Flavor Version Tinstall Tcheck Ttotal Status Flags
r-devel-linux-x86_64-debian-clang 2.0.4 15.68 74.24 89.92 OK
r-devel-linux-x86_64-debian-gcc 2.0.4 10.66 55.41 66.07 WARN
r-devel-linux-x86_64-fedora-clang 2.0.4 121.74 WARN
r-devel-linux-x86_64-fedora-gcc 2.0.4 128.84 WARN
r-devel-windows-x86_64 2.0.4 106.00 128.00 234.00 NOTE
r-patched-linux-x86_64 2.0.4 11.87 67.42 79.29 OK
r-release-linux-x86_64 2.0.4 12.55 64.20 76.75 OK
r-release-macos-arm64 2.0.4 42.00 NOTE
r-release-macos-x86_64 2.0.4 43.00 NOTE
r-release-windows-x86_64 2.0.4 110.00 109.00 219.00 NOTE
r-oldrel-macos-arm64 2.0.4 42.00 NOTE
r-oldrel-macos-x86_64 2.0.4 52.00 NOTE
r-oldrel-windows-ix86+x86_64 2.0.4 74.00 132.00 206.00 NOTE

Check Details

Version: 2.0.4
Check: compiled code
Result: WARN
    File ‘openssl/libs/openssl.so’:
     Found ‘__sprintf_chk’, possibly from ‘sprintf’ (C)
     Object: ‘hash.o’
    
    Compiled code should not call entry points which might terminate R nor
    write to stdout/stderr instead of to the console, nor use Fortran I/O
    nor system RNGs nor [v]sprintf.
    
    See ‘Writing portable packages’ in the ‘Writing R Extensions’ manual.
Flavors: r-devel-linux-x86_64-debian-gcc, r-devel-linux-x86_64-fedora-gcc

Version: 2.0.4
Check: compiled code
Result: WARN
    File ‘openssl/libs/openssl.so’:
     Found ‘sprintf’, possibly from ‘sprintf’ (C)
     Object: ‘hash.o’
    
    Compiled code should not call entry points which might terminate R nor
    write to stdout/stderr instead of to the console, nor use Fortran I/O
    nor system RNGs nor [v]sprintf.
    
    See ‘Writing portable packages’ in the ‘Writing R Extensions’ manual.
Flavor: r-devel-linux-x86_64-fedora-clang

Version: 2.0.4
Check: installed package size
Result: NOTE
     installed size is 5.9Mb
     sub-directories of 1Mb or more:
     doc 2.6Mb
     libs 2.8Mb
Flavors: r-devel-windows-x86_64, r-release-macos-arm64, r-release-macos-x86_64, r-release-windows-x86_64, r-oldrel-macos-arm64, r-oldrel-macos-x86_64, r-oldrel-windows-ix86+x86_64